Last updated on 2025-10-31 02:50:37 CET.
| Flavor | Version | Tinstall | Tcheck | Ttotal | Status | Flags | 
|---|---|---|---|---|---|---|
| r-devel-linux-x86_64-debian-clang | 1.2.3 | 2.42 | 25.32 | 27.74 | NOTE | |
| r-devel-linux-x86_64-debian-gcc | 1.2.3 | 1.84 | 20.31 | 22.15 | NOTE | |
| r-devel-linux-x86_64-fedora-clang | 1.2.3 | 39.99 | OK | |||
| r-devel-linux-x86_64-fedora-gcc | 1.2.3 | 38.06 | OK | |||
| r-devel-windows-x86_64 | 1.2.3 | 3.00 | 42.00 | 45.00 | OK | |
| r-patched-linux-x86_64 | 1.2.3 | 2.29 | 24.21 | 26.50 | OK | |
| r-release-linux-x86_64 | 1.2.3 | 2.31 | 23.47 | 25.78 | OK | |
| r-release-macos-arm64 | 1.2.3 | 1.00 | 15.00 | 16.00 | OK | |
| r-release-macos-x86_64 | 1.2.3 | 2.00 | 34.00 | 36.00 | OK | |
| r-release-windows-x86_64 | 1.2.3 | 4.00 | 45.00 | 49.00 | OK | |
| r-oldrel-macos-arm64 | 1.2.3 | 1.00 | 15.00 | 16.00 | OK | |
| r-oldrel-macos-x86_64 | 1.2.3 | 3.00 | 23.00 | 26.00 | OK | |
| r-oldrel-windows-x86_64 | 1.2.3 | 4.00 | 47.00 | 51.00 | OK | 
Version: 1.2.3
Check: CRAN incoming feasibility
Result: NOTE
  Maintainer: ‘Nathaniel Graham <npgraham1@gmail.com>’
  
  No Authors@R field in DESCRIPTION.
  Please add one, modifying
    Authors@R: c(person(given = "Nathaniel",
                        family = "Graham",
                        role = c("aut", "cre"),
                        email = "npgraham1@gmail.com"),
                 person(given = "Mahmood",
                        family = "Arai",
                        role = "aut"),
                 person(given = "Björn",
                        family = "Hagströmer",
                        role = "aut"))
  as necessary.
Flavors: r-devel-linux-x86_64-debian-clang, r-devel-linux-x86_64-debian-gcc