Last updated on 2025-10-30 02:49:07 CET.
| Flavor | Version | Tinstall | Tcheck | Ttotal | Status | Flags | 
|---|---|---|---|---|---|---|
| r-devel-linux-x86_64-debian-clang | 1.0 | 7.97 | 69.04 | 77.01 | NOTE | |
| r-devel-linux-x86_64-debian-gcc | 1.0 | 6.30 | 52.01 | 58.31 | NOTE | |
| r-devel-linux-x86_64-fedora-clang | 1.0 | 20.00 | 99.69 | 119.69 | OK | |
| r-devel-linux-x86_64-fedora-gcc | 1.0 | 18.00 | 99.48 | 117.48 | OK | |
| r-devel-windows-x86_64 | 1.0 | 10.00 | 76.00 | 86.00 | OK | |
| r-patched-linux-x86_64 | 1.0 | 8.23 | 66.54 | 74.77 | OK | |
| r-release-linux-x86_64 | 1.0 | 7.79 | 66.58 | 74.37 | OK | |
| r-release-macos-arm64 | 1.0 | 4.00 | 36.00 | 40.00 | OK | |
| r-release-macos-x86_64 | 1.0 | 9.00 | 63.00 | 72.00 | OK | |
| r-release-windows-x86_64 | 1.0 | 10.00 | 79.00 | 89.00 | OK | |
| r-oldrel-macos-arm64 | 1.0 | 4.00 | 31.00 | 35.00 | OK | |
| r-oldrel-macos-x86_64 | 1.0 | 6.00 | 45.00 | 51.00 | OK | |
| r-oldrel-windows-x86_64 | 1.0 | 13.00 | 100.00 | 113.00 | OK | 
Version: 1.0
Check: CRAN incoming feasibility
Result: NOTE
  Maintainer: ‘Jiebiao Wang <randel.wang@gmail.com>’
  
  No Authors@R field in DESCRIPTION.
  Please add one, modifying
    Authors@R: c(person(given = "Jiebiao",
                        family = "Wang",
                        role = c("aut", "cre"),
                        email = "randel.wang@gmail.com"),
                 person(given = c("Lin", "S."),
                        family = "Chen",
                        role = "aut"))
  as necessary.
Flavors: r-devel-linux-x86_64-debian-clang, r-devel-linux-x86_64-debian-gcc