Last updated on 2025-10-31 02:50:37 CET.
| Flavor | Version | Tinstall | Tcheck | Ttotal | Status | Flags | 
|---|---|---|---|---|---|---|
| r-devel-linux-x86_64-debian-clang | 0.1-10 | 3.85 | 175.49 | 179.34 | NOTE | |
| r-devel-linux-x86_64-debian-gcc | 0.1-10 | 2.86 | 105.13 | 107.99 | NOTE | |
| r-devel-linux-x86_64-fedora-clang | 0.1-10 | 282.10 | OK | |||
| r-devel-linux-x86_64-fedora-gcc | 0.1-10 | 273.44 | OK | |||
| r-devel-windows-x86_64 | 0.1-10 | 5.00 | 177.00 | 182.00 | OK | |
| r-patched-linux-x86_64 | 0.1-10 | 3.60 | 168.37 | 171.97 | OK | |
| r-release-linux-x86_64 | 0.1-10 | 3.44 | 165.00 | 168.44 | OK | |
| r-release-macos-arm64 | 0.1-10 | 2.00 | 70.00 | 72.00 | OK | |
| r-release-macos-x86_64 | 0.1-10 | 4.00 | 154.00 | 158.00 | OK | |
| r-release-windows-x86_64 | 0.1-10 | 6.00 | 184.00 | 190.00 | OK | |
| r-oldrel-macos-arm64 | 0.1-10 | 2.00 | 67.00 | 69.00 | OK | |
| r-oldrel-macos-x86_64 | 0.1-10 | 3.00 | 115.00 | 118.00 | OK | |
| r-oldrel-windows-x86_64 | 0.1-10 | 8.00 | 239.00 | 247.00 | OK | 
Version: 0.1-10
Check: CRAN incoming feasibility
Result: NOTE
  Maintainer: ‘Arne Henningsen <arne.henningsen@gmail.com>’
  
  No Authors@R field in DESCRIPTION.
  Please add one, modifying
    Authors@R: person(given = "Arne",
                      family = "Henningsen",
                      role = c("aut", "cre"),
                      email = "arne.henningsen@gmail.com")
  as necessary.
Flavors: r-devel-linux-x86_64-debian-clang, r-devel-linux-x86_64-debian-gcc