Last updated on 2025-10-30 02:49:07 CET.
| Flavor | Version | Tinstall | Tcheck | Ttotal | Status | Flags | 
|---|---|---|---|---|---|---|
| r-devel-linux-x86_64-debian-clang | 2.0.1 | 2.65 | 27.64 | 30.29 | NOTE | |
| r-devel-linux-x86_64-debian-gcc | 2.0.1 | 2.51 | 21.49 | 24.00 | NOTE | |
| r-devel-linux-x86_64-fedora-clang | 2.0.1 | 44.37 | OK | |||
| r-devel-linux-x86_64-fedora-gcc | 2.0.1 | 42.00 | OK | |||
| r-devel-windows-x86_64 | 2.0.1 | 5.00 | 56.00 | 61.00 | OK | |
| r-patched-linux-x86_64 | 2.0.1 | 2.83 | 25.77 | 28.60 | OK | |
| r-release-linux-x86_64 | 2.0.1 | 2.52 | 25.38 | 27.90 | OK | |
| r-release-macos-arm64 | 2.0.1 | 3.00 | 21.00 | 24.00 | OK | |
| r-release-macos-x86_64 | 2.0.1 | 5.00 | 31.00 | 36.00 | OK | |
| r-release-windows-x86_64 | 2.0.1 | 6.00 | 57.00 | 63.00 | OK | |
| r-oldrel-macos-arm64 | 2.0.1 | 3.00 | 17.00 | 20.00 | OK | |
| r-oldrel-macos-x86_64 | 2.0.1 | 3.00 | 24.00 | 27.00 | OK | |
| r-oldrel-windows-x86_64 | 2.0.1 | 8.00 | 60.00 | 68.00 | OK | 
Version: 2.0.1
Check: CRAN incoming feasibility
Result: NOTE
  Maintainer: ‘Arthur Allignol <arthur.allignol@gmail.com>’
  
  No Authors@R field in DESCRIPTION.
  Please add one, modifying
    Authors@R: person(given = "Arthur",
                      family = "Allignol",
                      role = c("aut", "cre"),
                      email = "arthur.allignol@gmail.com")
  as necessary.
  
  Package CITATION file contains call(s) to old-style personList() or
  as.personList().  Please use c() on person objects instead.
  Package CITATION file contains call(s) to old-style citEntry().  Please
  use bibentry() instead.
  
  Found the following (possibly) invalid file URI:
    URI: /https://cran.r-project.org/web/packages/mvna/index.html
      From: README.md
Flavors: r-devel-linux-x86_64-debian-clang, r-devel-linux-x86_64-debian-gcc