Last updated on 2025-10-31 02:50:37 CET.
| Flavor | Version | Tinstall | Tcheck | Ttotal | Status | Flags | 
|---|---|---|---|---|---|---|
| r-devel-linux-x86_64-debian-clang | 2.1.1 | 5.05 | 43.17 | 48.22 | NOTE | |
| r-devel-linux-x86_64-debian-gcc | 2.1.1 | 3.95 | 31.26 | 35.21 | NOTE | |
| r-devel-linux-x86_64-fedora-clang | 2.1.1 | 11.00 | 60.91 | 71.91 | NOTE | |
| r-devel-linux-x86_64-fedora-gcc | 2.1.1 | 10.00 | 58.43 | 68.43 | NOTE | |
| r-devel-windows-x86_64 | 2.1.1 | 7.00 | 63.00 | 70.00 | NOTE | |
| r-patched-linux-x86_64 | 2.1.1 | 5.70 | 40.76 | 46.46 | NOTE | |
| r-release-linux-x86_64 | 2.1.1 | 4.56 | 40.81 | 45.37 | NOTE | |
| r-release-macos-arm64 | 2.1.1 | 3.00 | 23.00 | 26.00 | NOTE | |
| r-release-macos-x86_64 | 2.1.1 | 9.00 | 40.00 | 49.00 | NOTE | |
| r-release-windows-x86_64 | 2.1.1 | 9.00 | 66.00 | 75.00 | NOTE | |
| r-oldrel-macos-arm64 | 2.1.1 | 3.00 | 21.00 | 24.00 | NOTE | |
| r-oldrel-macos-x86_64 | 2.1.1 | 6.00 | 40.00 | 46.00 | NOTE | |
| r-oldrel-windows-x86_64 | 2.1.1 | 8.00 | 77.00 | 85.00 | NOTE | 
Version: 2.1.1
Check: CRAN incoming feasibility
Result: NOTE
  Maintainer: ‘P. Filzmoser <P.Filzmoser@tuwien.ac.at>’
  
  No Authors@R field in DESCRIPTION.
  Please add one, modifying
    Authors@R: c(person(given = "Peter",
                        family = "Filzmoser",
                        role = "aut",
                        email = "P.Filzmoser@tuwien.ac.at"),
                 person(given = "Moritz",
                        family = "Gschwandtner",
                        role = "aut",
                        email = "e0125439@student.tuwien.ac.at"),
                 person(given = "P.",
                        family = "Filzmoser",
                        role = "cre",
                        email = "P.Filzmoser@tuwien.ac.at"))
  as necessary.
Flavors: r-devel-linux-x86_64-debian-clang, r-devel-linux-x86_64-debian-gcc
Version: 2.1.1
Check: Rd files
Result: NOTE
  checkRd: (-1) pkb.Rd:14: Escaped LaTeX specials: \# \# \#
Flavors: r-devel-linux-x86_64-debian-clang, r-devel-linux-x86_64-debian-gcc, r-devel-linux-x86_64-fedora-clang, r-devel-linux-x86_64-fedora-gcc, r-devel-windows-x86_64, r-patched-linux-x86_64, r-release-linux-x86_64, r-release-macos-arm64, r-release-macos-x86_64, r-release-windows-x86_64, r-oldrel-macos-arm64, r-oldrel-macos-x86_64, r-oldrel-windows-x86_64