Last updated on 2025-10-31 02:50:37 CET.
| Flavor | Version | Tinstall | Tcheck | Ttotal | Status | Flags | 
|---|---|---|---|---|---|---|
| r-devel-linux-x86_64-debian-clang | 1.0-5 | 1.58 | 19.26 | 20.84 | NOTE | |
| r-devel-linux-x86_64-debian-gcc | 1.0-5 | 1.40 | 16.12 | 17.52 | NOTE | |
| r-devel-linux-x86_64-fedora-clang | 1.0-5 | 30.74 | OK | |||
| r-devel-linux-x86_64-fedora-gcc | 1.0-5 | 29.72 | OK | |||
| r-devel-windows-x86_64 | 1.0-5 | 3.00 | 37.00 | 40.00 | OK | |
| r-patched-linux-x86_64 | 1.0-5 | 1.76 | 18.25 | 20.01 | OK | |
| r-release-linux-x86_64 | 1.0-5 | 1.58 | 18.37 | 19.95 | OK | |
| r-release-macos-arm64 | 1.0-5 | 1.00 | 13.00 | 14.00 | OK | |
| r-release-macos-x86_64 | 1.0-5 | 2.00 | 24.00 | 26.00 | OK | |
| r-release-windows-x86_64 | 1.0-5 | 3.00 | 41.00 | 44.00 | OK | |
| r-oldrel-macos-arm64 | 1.0-5 | 1.00 | 15.00 | 16.00 | OK | |
| r-oldrel-macos-x86_64 | 1.0-5 | 3.00 | 30.00 | 33.00 | OK | |
| r-oldrel-windows-x86_64 | 1.0-5 | 3.00 | 39.00 | 42.00 | OK | 
Version: 1.0-5
Check: CRAN incoming feasibility
Result: NOTE
  Maintainer: ‘Roger D. Peng <roger.peng@austin.utexas.edu>’
  
  No Authors@R field in DESCRIPTION.
  Please add one, modifying
    Authors@R: person(given = c("Roger", "D."),
                      family = "Peng",
                      role = c("aut", "cre"),
                      email = "roger.peng@austin.utexas.edu")
  as necessary.
Flavors: r-devel-linux-x86_64-debian-clang, r-devel-linux-x86_64-debian-gcc