CRAN Package Check Results for Package nearfar

Last updated on 2025-07-24 02:52:19 CEST.

Flavor Version Tinstall Tcheck Ttotal Status Flags
r-devel-linux-x86_64-debian-clang 1.3 8.43 67.84 76.27 NOTE
r-devel-linux-x86_64-debian-gcc 1.3 5.60 48.64 54.24 NOTE
r-devel-linux-x86_64-fedora-clang 1.3 121.56 OK
r-devel-linux-x86_64-fedora-gcc 1.3 106.56 OK
r-devel-windows-x86_64 1.3 10.00 76.00 86.00 OK
r-patched-linux-x86_64 1.3 7.34 60.62 67.96 OK
r-release-linux-x86_64 1.3 8.52 61.44 69.96 OK
r-release-macos-arm64 1.3 51.00 OK
r-release-macos-x86_64 1.3 57.00 OK
r-release-windows-x86_64 1.3 11.00 80.00 91.00 OK
r-oldrel-macos-arm64 1.3 34.00 OK
r-oldrel-macos-x86_64 1.3 46.00 OK
r-oldrel-windows-x86_64 1.3 12.00 103.00 115.00 OK

Check Details

Version: 1.3
Check: CRAN incoming feasibility
Result: NOTE Maintainer: ‘Joseph Rigdon <jrigdon@wakehealth.edu>’ No Authors@R field in DESCRIPTION. Please add one, modifying Authors@R: person(given = "Joseph", family = "Rigdon", role = c("aut", "cre"), email = "jrigdon@wakehealth.edu") as necessary. Flavors: r-devel-linux-x86_64-debian-clang, r-devel-linux-x86_64-debian-gcc