Last updated on 2025-10-30 02:49:07 CET.
| Flavor | Version | Tinstall | Tcheck | Ttotal | Status | Flags | 
|---|---|---|---|---|---|---|
| r-devel-linux-x86_64-debian-clang | 1.6.1 | 9.10 | 169.41 | 178.51 | NOTE | |
| r-devel-linux-x86_64-debian-gcc | 1.6.1 | 7.11 | 115.50 | 122.61 | NOTE | |
| r-devel-linux-x86_64-fedora-clang | 1.6.1 | 81.00 | 221.58 | 302.58 | NOTE | |
| r-devel-linux-x86_64-fedora-gcc | 1.6.1 | 78.00 | 230.38 | 308.38 | NOTE | |
| r-devel-windows-x86_64 | 1.6.1 | 12.00 | 159.00 | 171.00 | NOTE | |
| r-patched-linux-x86_64 | 1.6.1 | 10.32 | 155.30 | 165.62 | NOTE | |
| r-release-linux-x86_64 | 1.6.1 | 9.13 | 157.59 | 166.72 | NOTE | |
| r-release-macos-arm64 | 1.6.1 | 5.00 | 80.00 | 85.00 | NOTE | |
| r-release-macos-x86_64 | 1.6.1 | 9.00 | 142.00 | 151.00 | NOTE | |
| r-release-windows-x86_64 | 1.6.1 | 13.00 | 161.00 | 174.00 | NOTE | |
| r-oldrel-macos-arm64 | 1.6.1 | 6.00 | 83.00 | 89.00 | OK | |
| r-oldrel-macos-x86_64 | 1.6.1 | 10.00 | 142.00 | 152.00 | OK | |
| r-oldrel-windows-x86_64 | 1.6.1 | 17.00 | 209.00 | 226.00 | OK | 
Version: 1.6.1
Check: DESCRIPTION meta-information
Result: NOTE
    Missing dependency on R >= 4.2.0 because package code uses the pipe
    placeholder syntax added in R 4.2.0.
    File(s) using such syntax:
      ‘functions.R’
Flavors: r-devel-linux-x86_64-debian-clang, r-devel-linux-x86_64-debian-gcc, r-devel-linux-x86_64-fedora-clang, r-devel-linux-x86_64-fedora-gcc, r-devel-windows-x86_64, r-patched-linux-x86_64, r-release-linux-x86_64, r-release-macos-arm64, r-release-windows-x86_64
Version: 1.6.1
Check: DESCRIPTION meta-information
Result: NOTE
    Missing dependency on R >= 4.1.0 because package code uses the pipe
    |> or function shorthand \(...) syntax added in R 4.1.0.
    File(s) using such syntax:
      ‘functions.R’
Flavor: r-release-macos-x86_64