Last updated on 2025-10-31 02:50:37 CET.
| Flavor | Version | Tinstall | Tcheck | Ttotal | Status | Flags | 
|---|---|---|---|---|---|---|
| r-devel-linux-x86_64-debian-clang | 1.0.1 | 39.75 | 30.59 | 70.34 | WARN | |
| r-devel-linux-x86_64-debian-gcc | 1.0.1 | 28.98 | 23.39 | 52.37 | WARN | |
| r-devel-linux-x86_64-fedora-clang | 1.0.1 | 69.00 | 48.66 | 117.66 | NOTE | |
| r-devel-linux-x86_64-fedora-gcc | 1.0.1 | 93.00 | 32.91 | 125.91 | NOTE | |
| r-devel-windows-x86_64 | 1.0.1 | 44.00 | 69.00 | 113.00 | NOTE | |
| r-patched-linux-x86_64 | 1.0.1 | 39.17 | 27.50 | 66.67 | NOTE | |
| r-release-linux-x86_64 | 1.0.1 | 40.63 | 27.63 | 68.26 | NOTE | |
| r-release-macos-arm64 | 1.0.1 | 17.00 | 18.00 | 35.00 | NOTE | |
| r-release-macos-x86_64 | 1.0.1 | 31.00 | 31.00 | 62.00 | NOTE | |
| r-release-windows-x86_64 | 1.0.1 | 43.00 | 69.00 | 112.00 | NOTE | |
| r-oldrel-macos-arm64 | 1.0.1 | 15.00 | 18.00 | 33.00 | NOTE | |
| r-oldrel-macos-x86_64 | 1.0.1 | 41.00 | 28.00 | 69.00 | NOTE | |
| r-oldrel-windows-x86_64 | 1.0.1 | 51.00 | 83.00 | 134.00 | NOTE | 
Version: 1.0.1
Check: CRAN incoming feasibility
Result: NOTE
  Maintainer: ‘Shuchismita Sarkar <ssarkar@bgsu.edu>’
  
  No Authors@R field in DESCRIPTION.
  Please add one, modifying
    Authors@R: c(person(given = "Shuchismita",
                        family = "Sarkar",
                        role = c("aut", "cre"),
                        email = "ssarkar@bgsu.edu"),
                 person(given = "Volodymyr",
                        family = "Melnykov",
                        role = "aut"))
  as necessary.
Flavors: r-devel-linux-x86_64-debian-clang, r-devel-linux-x86_64-debian-gcc
Version: 1.0.1
Check: whether package can be installed
Result: WARN
  Found the following significant warnings:
    /home/hornik/tmp/R.check/r-devel-clang/Work/build/Packages/RcppArmadillo/include/RcppArmadillo/version/arma.h:66:17: warning: Using fallback compilation with Armadillo 14.6.3. Please consider defining -DARMA_USE_CURRENT and also removing C++11 compilation directive. See GitHub issue #475 for more. [-W#pragma-messages]
  See ‘/home/hornik/tmp/R.check/r-devel-clang/Work/PKGS/netClust.Rcheck/00install.out’ for details.
  * used C++ compiler: ‘Debian clang version 19.1.7 (7)’
Flavor: r-devel-linux-x86_64-debian-clang
Version: 1.0.1
Check: C++ specification
Result: NOTE
    Specified C++11: please drop specification unless essential
Flavors: r-devel-linux-x86_64-debian-clang, r-devel-linux-x86_64-debian-gcc, r-devel-linux-x86_64-fedora-clang, r-devel-linux-x86_64-fedora-gcc, r-devel-windows-x86_64, r-patched-linux-x86_64, r-release-linux-x86_64, r-release-macos-arm64, r-release-macos-x86_64, r-release-windows-x86_64, r-oldrel-macos-arm64, r-oldrel-macos-x86_64, r-oldrel-windows-x86_64
Version: 1.0.1
Check: whether package can be installed
Result: WARN
  Found the following significant warnings:
    /home/hornik/tmp/R.check/r-devel-gcc/Work/build/Packages/RcppArmadillo/include/RcppArmadillo/version/arma.h:66:199: note: ‘#pragma message: Using fallback compilation with Armadillo 14.6.3. Please consider defining -DARMA_USE_CURRENT and also removing C++11 compilation directive. See GitHub issue #475 for more.’
  See ‘/home/hornik/tmp/R.check/r-devel-gcc/Work/PKGS/netClust.Rcheck/00install.out’ for details.
  * used C++ compiler: ‘g++-15 (Debian 15.2.0-4) 15.2.0’
Flavor: r-devel-linux-x86_64-debian-gcc
Version: 1.0.1
Check: installed package size
Result: NOTE
    installed size is  5.5Mb
    sub-directories of 1Mb or more:
      libs   5.4Mb
Flavors: r-oldrel-macos-arm64, r-oldrel-macos-x86_64