Last updated on 2025-07-24 02:52:19 CEST.
Flavor | Version | Tinstall | Tcheck | Ttotal | Status | Flags |
---|---|---|---|---|---|---|
r-devel-linux-x86_64-debian-clang | 1.0.1 | 8.62 | 66.34 | 74.96 | NOTE | |
r-devel-linux-x86_64-debian-gcc | 1.0.1 | 6.46 | 49.17 | 55.63 | NOTE | |
r-devel-linux-x86_64-fedora-clang | 1.0.1 | 124.64 | OK | |||
r-devel-linux-x86_64-fedora-gcc | 1.0.1 | 138.81 | OK | |||
r-devel-windows-x86_64 | 1.0.1 | 10.00 | 77.00 | 87.00 | OK | |
r-patched-linux-x86_64 | 1.0.1 | 10.07 | 63.03 | 73.10 | OK | |
r-release-linux-x86_64 | 1.0.1 | 9.65 | 62.73 | 72.38 | OK | |
r-release-macos-arm64 | 1.0.1 | 55.00 | OK | |||
r-release-macos-x86_64 | 1.0.1 | 122.00 | OK | |||
r-release-windows-x86_64 | 1.0.1 | 10.00 | 80.00 | 90.00 | OK | |
r-oldrel-macos-arm64 | 1.0.1 | 44.00 | OK | |||
r-oldrel-macos-x86_64 | 1.0.1 | 98.00 | OK | |||
r-oldrel-windows-x86_64 | 1.0.1 | 14.00 | 97.00 | 111.00 | OK |
Version: 1.0.1
Check: CRAN incoming feasibility
Result: NOTE
Maintainer: ‘Frank W. Marrs <frank.marrs@colostate.edu>’
The Description field contains
<arXiv:1701.05530>.
Please refer to arXiv e-prints via their arXiv DOI <doi:10.48550/arXiv.YYMM.NNNNN>.
Flavors: r-devel-linux-x86_64-debian-clang, r-devel-linux-x86_64-debian-gcc