Last updated on 2025-10-31 02:50:37 CET.
| Flavor | Version | Tinstall | Tcheck | Ttotal | Status | Flags | 
|---|---|---|---|---|---|---|
| r-devel-linux-x86_64-debian-clang | 0.1.5 | 2.26 | 23.18 | 25.44 | NOTE | |
| r-devel-linux-x86_64-debian-gcc | 0.1.5 | 1.77 | 18.80 | 20.57 | NOTE | |
| r-devel-linux-x86_64-fedora-clang | 0.1.5 | 38.88 | OK | |||
| r-devel-linux-x86_64-fedora-gcc | 0.1.5 | 37.56 | OK | |||
| r-devel-windows-x86_64 | 0.1.5 | 4.00 | 42.00 | 46.00 | OK | |
| r-patched-linux-x86_64 | 0.1.5 | 2.30 | 22.05 | 24.35 | OK | |
| r-release-linux-x86_64 | 0.1.5 | 2.39 | 21.77 | 24.16 | OK | |
| r-release-macos-arm64 | 0.1.5 | 2.00 | 18.00 | 20.00 | OK | |
| r-release-macos-x86_64 | 0.1.5 | 3.00 | 27.00 | 30.00 | OK | |
| r-release-windows-x86_64 | 0.1.5 | 3.00 | 46.00 | 49.00 | OK | |
| r-oldrel-macos-arm64 | 0.1.5 | 1.00 | 15.00 | 16.00 | OK | |
| r-oldrel-macos-x86_64 | 0.1.5 | 2.00 | 23.00 | 25.00 | OK | |
| r-oldrel-windows-x86_64 | 0.1.5 | 3.00 | 42.00 | 45.00 | OK | 
Version: 0.1.5
Check: CRAN incoming feasibility
Result: NOTE
  Maintainer: ‘Kyun-Seop Bae <k@acr.kr>’
  
  No Authors@R field in DESCRIPTION.
  Please add one, modifying
    Authors@R: person(given = "Kyun-Seop",
                      family = "Bae",
                      role = c("aut", "cre"),
                      email = "k@acr.kr")
  as necessary.
Flavors: r-devel-linux-x86_64-debian-clang, r-devel-linux-x86_64-debian-gcc