Last updated on 2025-10-31 02:50:37 CET.
| Flavor | Version | Tinstall | Tcheck | Ttotal | Status | Flags | 
|---|---|---|---|---|---|---|
| r-devel-linux-x86_64-debian-clang | 1.0.4 | 1.81 | 33.98 | 35.79 | NOTE | |
| r-devel-linux-x86_64-debian-gcc | 1.0.4 | 1.54 | 26.58 | 28.12 | NOTE | |
| r-devel-linux-x86_64-fedora-clang | 1.0.4 | 52.70 | OK | |||
| r-devel-linux-x86_64-fedora-gcc | 1.0.4 | 51.67 | OK | |||
| r-devel-windows-x86_64 | 1.0.4 | 3.00 | 51.00 | 54.00 | OK | |
| r-patched-linux-x86_64 | 1.0.4 | 2.01 | 31.14 | 33.15 | OK | |
| r-release-linux-x86_64 | 1.0.4 | 2.20 | 31.30 | 33.50 | OK | |
| r-release-macos-arm64 | 1.0.4 | 1.00 | 22.00 | 23.00 | OK | |
| r-release-macos-x86_64 | 1.0.4 | 2.00 | 37.00 | 39.00 | OK | |
| r-release-windows-x86_64 | 1.0.4 | 4.00 | 54.00 | 58.00 | OK | |
| r-oldrel-macos-arm64 | 1.0.4 | 1.00 | 21.00 | 22.00 | OK | |
| r-oldrel-macos-x86_64 | 1.0.4 | 2.00 | 28.00 | 30.00 | OK | |
| r-oldrel-windows-x86_64 | 1.0.4 | 4.00 | 63.00 | 67.00 | OK | 
Version: 1.0.4
Check: CRAN incoming feasibility
Result: NOTE
  Maintainer: ‘Anthony Christidis <anthony.christidis@stat.ubc.ca>’
  
  No Authors@R field in DESCRIPTION.
  Please add one, modifying
    Authors@R: c(person(given = "Anthony",
                        family = "Christidis",
                        role = c("aut", "cre"),
                        email = "anthony.christidis@stat.ubc.ca"),
                 person(given = "Stefan",
                        family = "Van Aelst",
                        role = "aut",
                        email = "stefan.vanaelst@kuleuven.be"),
                 person(given = "Ruben",
                        family = "Zamar",
                        role = "aut",
                        email = "ruben@stat.ubc.ca"))
  as necessary.
Flavors: r-devel-linux-x86_64-debian-clang, r-devel-linux-x86_64-debian-gcc