Last updated on 2025-10-31 02:50:37 CET.
| Flavor | Version | Tinstall | Tcheck | Ttotal | Status | Flags | 
|---|---|---|---|---|---|---|
| r-devel-linux-x86_64-debian-clang | 1.1.0 | 2.66 | 25.52 | 28.18 | NOTE | |
| r-devel-linux-x86_64-debian-gcc | 1.1.0 | 2.01 | 20.50 | 22.51 | NOTE | |
| r-devel-linux-x86_64-fedora-clang | 1.1.0 | 42.45 | NOTE | |||
| r-devel-linux-x86_64-fedora-gcc | 1.1.0 | 56.29 | NOTE | |||
| r-devel-windows-x86_64 | 1.1.0 | 4.00 | 44.00 | 48.00 | NOTE | |
| r-patched-linux-x86_64 | 1.1.0 | 2.29 | 24.07 | 26.36 | NOTE | |
| r-release-linux-x86_64 | 1.1.0 | 2.66 | 24.59 | 27.25 | NOTE | |
| r-release-macos-arm64 | 1.1.0 | 2.00 | 24.00 | 26.00 | NOTE | |
| r-release-macos-x86_64 | 1.1.0 | 3.00 | 58.00 | 61.00 | NOTE | |
| r-release-windows-x86_64 | 1.1.0 | 5.00 | 46.00 | 51.00 | NOTE | |
| r-oldrel-macos-arm64 | 1.1.0 | 1.00 | 21.00 | 22.00 | OK | |
| r-oldrel-macos-x86_64 | 1.1.0 | 2.00 | 31.00 | 33.00 | OK | |
| r-oldrel-windows-x86_64 | 1.1.0 | 6.00 | 51.00 | 57.00 | OK | 
Version: 1.1.0
Check: DESCRIPTION meta-information
Result: NOTE
    Missing dependency on R >= 4.1.0 because package code uses the pipe
    |> or function shorthand \(...) syntax added in R 4.1.0.
    File(s) using such syntax:
      ‘libr_called.R’ ‘libr_unused.R’ ‘libr_used.R’
Flavors: r-devel-linux-x86_64-debian-clang, r-devel-linux-x86_64-debian-gcc, r-devel-linux-x86_64-fedora-clang, r-devel-linux-x86_64-fedora-gcc, r-devel-windows-x86_64, r-patched-linux-x86_64, r-release-linux-x86_64, r-release-macos-arm64, r-release-macos-x86_64, r-release-windows-x86_64