Last updated on 2025-10-31 02:50:37 CET.
| Flavor | Version | Tinstall | Tcheck | Ttotal | Status | Flags | 
|---|---|---|---|---|---|---|
| r-devel-linux-x86_64-debian-clang | 3.0 | 11.35 | 99.36 | 110.71 | NOTE | |
| r-devel-linux-x86_64-debian-gcc | 3.0 | 8.80 | 73.11 | 81.91 | NOTE | |
| r-devel-linux-x86_64-fedora-clang | 3.0 | 26.00 | 151.41 | 177.41 | OK | |
| r-devel-linux-x86_64-fedora-gcc | 3.0 | 24.00 | 144.27 | 168.27 | OK | |
| r-devel-windows-x86_64 | 3.0 | 13.00 | 99.00 | 112.00 | OK | |
| r-patched-linux-x86_64 | 3.0 | 10.53 | 93.01 | 103.54 | OK | |
| r-release-linux-x86_64 | 3.0 | 11.90 | 93.97 | 105.87 | OK | |
| r-release-macos-arm64 | 3.0 | 5.00 | 38.00 | 43.00 | OK | |
| r-release-macos-x86_64 | 3.0 | 10.00 | 68.00 | 78.00 | OK | |
| r-release-windows-x86_64 | 3.0 | 13.00 | 98.00 | 111.00 | OK | |
| r-oldrel-macos-arm64 | 3.0 | 5.00 | 38.00 | 43.00 | NOTE | |
| r-oldrel-macos-x86_64 | 3.0 | 7.00 | 57.00 | 64.00 | NOTE | |
| r-oldrel-windows-x86_64 | 3.0 | 18.00 | 123.00 | 141.00 | NOTE | 
Version: 3.0
Check: CRAN incoming feasibility
Result: NOTE
  Maintainer: ‘Zhicheng Du<dgdzc@hotmail.com>’
  
  No Authors@R field in DESCRIPTION.
  Please add one, modifying
    Authors@R: c(person(given = "Zhicheng",
                        family = "Du",
                        role = c("aut", "cre"),
                        email = "dgdzc@hotmail.com"),
                 person(given = "Yuantao",
                        family = "Hao",
                        role = "aut"))
  as necessary.
  
  Found the following \keyword or \concept entries
  which likely give several index terms:
    File ‘nomogramEx.Rd’:
      \keyword{nomogram, survival probability}
Flavors: r-devel-linux-x86_64-debian-clang, r-devel-linux-x86_64-debian-gcc
Version: 3.0
Check: LazyData
Result: NOTE
    'LazyData' is specified without a 'data' directory
Flavors: r-oldrel-macos-arm64, r-oldrel-macos-x86_64, r-oldrel-windows-x86_64