Last updated on 2025-10-31 02:50:37 CET.
| Flavor | Version | Tinstall | Tcheck | Ttotal | Status | Flags | 
|---|---|---|---|---|---|---|
| r-devel-linux-x86_64-debian-clang | 0.7.2.1 | 2.56 | 25.41 | 27.97 | NOTE | |
| r-devel-linux-x86_64-debian-gcc | 0.7.2.1 | 2.14 | 19.69 | 21.83 | NOTE | |
| r-devel-linux-x86_64-fedora-clang | 0.7.2.1 | 41.47 | OK | |||
| r-devel-linux-x86_64-fedora-gcc | 0.7.2.1 | 39.43 | OK | |||
| r-devel-windows-x86_64 | 0.7.2.1 | 4.00 | 42.00 | 46.00 | OK | |
| r-patched-linux-x86_64 | 0.7.2.1 | 3.06 | 23.92 | 26.98 | OK | |
| r-release-linux-x86_64 | 0.7.2.1 | 2.59 | 23.95 | 26.54 | OK | |
| r-release-macos-arm64 | 0.7.2.1 | 1.00 | 13.00 | 14.00 | OK | |
| r-release-macos-x86_64 | 0.7.2.1 | 2.00 | 21.00 | 23.00 | OK | |
| r-release-windows-x86_64 | 0.7.2.1 | 5.00 | 56.00 | 61.00 | OK | |
| r-oldrel-macos-arm64 | 0.7.2.1 | 1.00 | 16.00 | 17.00 | OK | |
| r-oldrel-macos-x86_64 | 0.7.2.1 | 2.00 | 21.00 | 23.00 | OK | |
| r-oldrel-windows-x86_64 | 0.7.2.1 | 4.00 | 43.00 | 47.00 | OK | 
Version: 0.7.2.1
Check: CRAN incoming feasibility
Result: NOTE
  Maintainer: ‘Angelo M. Mineo <angelo.mineo@unipa.it>’
  
  No Authors@R field in DESCRIPTION.
  Please add one, modifying
    Authors@R: person(given = c("Angelo", "M."),
                      family = "Mineo",
                      role = c("aut", "cre"),
                      email = "angelo.mineo@unipa.it")
  as necessary.
Flavors: r-devel-linux-x86_64-debian-clang, r-devel-linux-x86_64-debian-gcc