Last updated on 2025-10-31 02:50:37 CET.
| Flavor | Version | Tinstall | Tcheck | Ttotal | Status | Flags | 
|---|---|---|---|---|---|---|
| r-devel-linux-x86_64-debian-clang | 1.5 | 12.56 | 90.00 | 102.56 | NOTE | |
| r-devel-linux-x86_64-debian-gcc | 1.5 | 7.40 | 65.61 | 73.01 | NOTE | |
| r-devel-linux-x86_64-fedora-clang | 1.5 | 26.00 | 136.13 | 162.13 | OK | |
| r-devel-linux-x86_64-fedora-gcc | 1.5 | 26.00 | 123.61 | 149.61 | OK | |
| r-devel-windows-x86_64 | 1.5 | 13.00 | 90.00 | 103.00 | OK | |
| r-patched-linux-x86_64 | 1.5 | 11.24 | 85.09 | 96.33 | OK | |
| r-release-linux-x86_64 | 1.5 | 11.05 | 85.69 | 96.74 | OK | |
| r-release-macos-arm64 | 1.5 | 6.00 | 43.00 | 49.00 | OK | |
| r-release-macos-x86_64 | 1.5 | 9.00 | 68.00 | 77.00 | OK | |
| r-release-windows-x86_64 | 1.5 | 15.00 | 92.00 | 107.00 | OK | |
| r-oldrel-macos-arm64 | 1.5 | 5.00 | 34.00 | 39.00 | OK | |
| r-oldrel-macos-x86_64 | 1.5 | 7.00 | 49.00 | 56.00 | OK | |
| r-oldrel-windows-x86_64 | 1.5 | 18.00 | 120.00 | 138.00 | OK | 
Version: 1.5
Check: CRAN incoming feasibility
Result: NOTE
  Maintainer: ‘Jos Feys <jos.feys@faber.kuleuven.be>’
  
  No Authors@R field in DESCRIPTION.
  Please add one, modifying
    Authors@R: person(given = "Jos",
                      family = "Feys",
                      role = c("aut", "cre"),
                      email = "jos.feys@faber.kuleuven.be")
  as necessary.
Flavors: r-devel-linux-x86_64-debian-clang, r-devel-linux-x86_64-debian-gcc