Last updated on 2025-10-30 02:49:08 CET.
| Flavor | Version | Tinstall | Tcheck | Ttotal | Status | Flags | 
|---|---|---|---|---|---|---|
| r-devel-linux-x86_64-debian-clang | 0.46-5 | 3.90 | 48.89 | 52.79 | NOTE | |
| r-devel-linux-x86_64-debian-gcc | 0.46-5 | 3.01 | 36.48 | 39.49 | NOTE | |
| r-devel-linux-x86_64-fedora-clang | 0.46-5 | 81.05 | OK | |||
| r-devel-linux-x86_64-fedora-gcc | 0.46-5 | 93.34 | OK | |||
| r-devel-windows-x86_64 | 0.46-5 | 5.00 | 71.00 | 76.00 | OK | |
| r-patched-linux-x86_64 | 0.46-5 | 4.18 | 47.63 | 51.81 | OK | |
| r-release-linux-x86_64 | 0.46-5 | 3.84 | 46.91 | 50.75 | OK | |
| r-release-macos-arm64 | 0.46-5 | 2.00 | 32.00 | 34.00 | OK | |
| r-release-macos-x86_64 | 0.46-5 | 4.00 | 60.00 | 64.00 | OK | |
| r-release-windows-x86_64 | 0.46-5 | 5.00 | 76.00 | 81.00 | OK | |
| r-oldrel-macos-arm64 | 0.46-5 | 2.00 | 35.00 | 37.00 | OK | |
| r-oldrel-macos-x86_64 | 0.46-5 | 6.00 | 75.00 | 81.00 | OK | |
| r-oldrel-windows-x86_64 | 0.46-5 | 7.00 | 84.00 | 91.00 | OK | 
Version: 0.46-5
Check: CRAN incoming feasibility
Result: NOTE
  Maintainer: ‘Jochen Einbeck <jochen.einbeck@durham.ac.uk>’
  
  No Authors@R field in DESCRIPTION.
  Please add one, modifying
    Authors@R: c(person(given = "Jochen",
                        family = "Einbeck",
                        role = c("aut", "cre"),
                        email = "jochen.einbeck@durham.ac.uk"),
                 person(given = "Ross",
                        family = "Darnell",
                        role = "aut"),
                 person(given = "John",
                        family = "Hinde",
                        role = "aut"))
  as necessary.
Flavors: r-devel-linux-x86_64-debian-clang, r-devel-linux-x86_64-debian-gcc