Last updated on 2025-10-31 02:50:38 CET.
| Flavor | Version | Tinstall | Tcheck | Ttotal | Status | Flags | 
|---|---|---|---|---|---|---|
| r-devel-linux-x86_64-debian-clang | 0.0.3 | 12.19 | 95.41 | 107.60 | NOTE | |
| r-devel-linux-x86_64-debian-gcc | 0.0.3 | 9.72 | 71.46 | 81.18 | NOTE | |
| r-devel-linux-x86_64-fedora-clang | 0.0.3 | 25.00 | 139.09 | 164.09 | NOTE | |
| r-devel-linux-x86_64-fedora-gcc | 0.0.3 | 26.00 | 132.23 | 158.23 | NOTE | |
| r-devel-windows-x86_64 | 0.0.3 | 13.00 | 97.00 | 110.00 | OK | |
| r-patched-linux-x86_64 | 0.0.3 | 11.92 | 89.94 | 101.86 | OK | |
| r-release-linux-x86_64 | 0.0.3 | 12.57 | 90.74 | 103.31 | OK | |
| r-release-macos-arm64 | 0.0.3 | 5.00 | 38.00 | 43.00 | OK | |
| r-release-macos-x86_64 | 0.0.3 | 10.00 | 71.00 | 81.00 | OK | |
| r-release-windows-x86_64 | 0.0.3 | 17.00 | 98.00 | 115.00 | OK | |
| r-oldrel-macos-arm64 | 0.0.3 | 5.00 | 34.00 | 39.00 | OK | |
| r-oldrel-macos-x86_64 | 0.0.3 | 13.00 | 100.00 | 113.00 | OK | |
| r-oldrel-windows-x86_64 | 0.0.3 | 17.00 | 122.00 | 139.00 | OK | 
Version: 0.0.3
Check: CRAN incoming feasibility
Result: NOTE
  Maintainer: ‘Artem Shramko <art.shramko@gmail.com>’
  
  No Authors@R field in DESCRIPTION.
  Please add one, modifying
    Authors@R: person(given = "Artem",
                      family = "Shramko",
                      role = c("aut", "cre"),
                      email = "art.shramko@gmail.com")
  as necessary.
  
  Found the following \keyword or \concept entries
  which likely give several index terms:
    File ‘nsga3-package.Rd’:
      \keyword{algorithm,}
      \keyword{nsga3,}
      \keyword{omptimisation,}
      \keyword{optimisation,}
      \keyword{preprocessing,}
      \keyword{selection,}
      \keyword{wrapper,}
Flavors: r-devel-linux-x86_64-debian-clang, r-devel-linux-x86_64-debian-gcc
Version: 0.0.3
Check: dependencies in R code
Result: NOTE
  Namespace in Imports field not imported from: ‘xgboost’
    All declared Imports should be used.
Flavors: r-devel-linux-x86_64-fedora-clang, r-devel-linux-x86_64-fedora-gcc