CRAN Package Check Results for Package ogrdbstats

Last updated on 2025-10-30 02:49:08 CET.

Flavor Version Tinstall Tcheck Ttotal Status Flags
r-devel-linux-x86_64-debian-clang 0.5.4 9.32 95.00 104.32 OK
r-devel-linux-x86_64-debian-gcc 0.5.4 6.02 66.38 72.40 OK
r-devel-linux-x86_64-fedora-clang 0.5.4 66.00 106.85 172.85 OK
r-devel-linux-x86_64-fedora-gcc 0.5.4 42.00 137.37 179.37 OK
r-devel-windows-x86_64 0.5.4 10.00 99.00 109.00 OK
r-patched-linux-x86_64 0.5.4 0.26 1.95 2.21 ERROR
r-release-linux-x86_64 0.5.4 8.09 88.87 96.96 OK
r-release-macos-arm64 0.5.4 3.00 39.00 42.00 OK
r-release-macos-x86_64 0.5.4 6.00 65.00 71.00 OK
r-release-windows-x86_64 0.5.4 10.00 99.00 109.00 OK
r-oldrel-macos-arm64 0.5.4 3.00 44.00 47.00 OK
r-oldrel-macos-x86_64 0.5.4 6.00 77.00 83.00 OK
r-oldrel-windows-x86_64 0.5.4 13.00 125.00 138.00 OK

Check Details

Version: 0.5.4
Check: package dependencies
Result: ERROR Packages required but not available: 'tigger', 'alakazam' See section ‘The DESCRIPTION file’ in the ‘Writing R Extensions’ manual. Flavor: r-patched-linux-x86_64