Last updated on 2025-10-31 02:50:38 CET.
| Flavor | Version | Tinstall | Tcheck | Ttotal | Status | Flags | 
|---|---|---|---|---|---|---|
| r-devel-linux-x86_64-debian-clang | 1.0.4 | 14.00 | 243.64 | 257.64 | OK | |
| r-devel-linux-x86_64-debian-gcc | 1.0.4 | 9.49 | 178.17 | 187.66 | OK | |
| r-devel-linux-x86_64-fedora-clang | 1.0.4 | 28.00 | 389.83 | 417.83 | OK | |
| r-devel-linux-x86_64-fedora-gcc | 1.0.4 | 45.00 | 393.72 | 438.72 | OK | |
| r-devel-windows-x86_64 | 1.0.4 | 15.00 | 323.00 | 338.00 | OK | |
| r-patched-linux-x86_64 | 1.0.4 | 13.43 | 232.49 | 245.92 | OK | |
| r-release-linux-x86_64 | 1.0.4 | 12.52 | 232.61 | 245.13 | OK | |
| r-release-macos-arm64 | 1.0.4 | 7.00 | 136.00 | 143.00 | OK | |
| r-release-macos-x86_64 | 1.0.4 | 20.00 | 519.00 | 539.00 | OK | |
| r-release-windows-x86_64 | 1.0.4 | 16.00 | 325.00 | 341.00 | OK | |
| r-oldrel-macos-arm64 | 1.0.4 | 7.00 | 142.00 | 149.00 | NOTE | |
| r-oldrel-macos-x86_64 | 1.0.4 | 19.00 | 488.00 | 507.00 | NOTE | |
| r-oldrel-windows-x86_64 | 1.0.4 | 20.00 | 408.00 | 428.00 | NOTE | 
Version: 1.0.4
Check: installed package size
Result: NOTE
    installed size is  6.8Mb
    sub-directories of 1Mb or more:
      doc   6.1Mb
Flavors: r-oldrel-macos-arm64, r-oldrel-macos-x86_64, r-oldrel-windows-x86_64