Last updated on 2025-10-30 02:49:08 CET.
| Flavor | Version | Tinstall | Tcheck | Ttotal | Status | Flags | 
|---|---|---|---|---|---|---|
| r-devel-linux-x86_64-debian-clang | 1.0.1 | 3.15 | 25.42 | 28.57 | NOTE | |
| r-devel-linux-x86_64-debian-gcc | 1.0.1 | 2.44 | 20.39 | 22.83 | NOTE | |
| r-devel-linux-x86_64-fedora-clang | 1.0.1 | 42.81 | OK | |||
| r-devel-linux-x86_64-fedora-gcc | 1.0.1 | 41.01 | OK | |||
| r-devel-windows-x86_64 | 1.0.1 | 4.00 | 44.00 | 48.00 | OK | |
| r-patched-linux-x86_64 | 1.0.1 | 2.41 | 24.15 | 26.56 | OK | |
| r-release-linux-x86_64 | 1.0.1 | 3.01 | 24.19 | 27.20 | OK | |
| r-release-macos-arm64 | 1.0.1 | 2.00 | 18.00 | 20.00 | OK | |
| r-release-macos-x86_64 | 1.0.1 | 3.00 | 28.00 | 31.00 | OK | |
| r-release-windows-x86_64 | 1.0.1 | 4.00 | 44.00 | 48.00 | OK | |
| r-oldrel-macos-arm64 | 1.0.1 | 2.00 | 17.00 | 19.00 | OK | |
| r-oldrel-macos-x86_64 | 1.0.1 | 5.00 | 24.00 | 29.00 | OK | |
| r-oldrel-windows-x86_64 | 1.0.1 | 6.00 | 49.00 | 55.00 | OK | 
Version: 1.0.1
Check: CRAN incoming feasibility
Result: NOTE
  Maintainer: ‘Jorn Lotsch <j.lotsch@em.uni-frankfurt.de>’
  
  No Authors@R field in DESCRIPTION.
  Please add one, modifying
    Authors@R: c(person(given = "Jorn",
                        family = "Lotsch",
                        role = c("aut", "cre"),
                        email = "j.lotsch@em.uni-frankfurt.de",
                        comment = c(ORCID = "0000-0002-5818-6958")),
                 person(given = "Sebastian",
                        family = "Malkusch",
                        role = "aut",
                        comment = c(ORCID = "0000-0001-6766-140X")),
                 person(given = "Alfred",
                        family = "Ultsch",
                        role = "aut",
                        comment = c(ORCID = "0000-0002-7845-3283")))
  as necessary.
Flavors: r-devel-linux-x86_64-debian-clang, r-devel-linux-x86_64-debian-gcc