Last updated on 2025-10-31 02:50:38 CET.
| Flavor | Version | Tinstall | Tcheck | Ttotal | Status | Flags | 
|---|---|---|---|---|---|---|
| r-devel-linux-x86_64-debian-clang | 0.1-8 | 1.66 | 22.83 | 24.49 | NOTE | |
| r-devel-linux-x86_64-debian-gcc | 0.1-8 | 1.41 | 18.74 | 20.15 | NOTE | |
| r-devel-linux-x86_64-fedora-clang | 0.1-8 | 35.63 | OK | |||
| r-devel-linux-x86_64-fedora-gcc | 0.1-8 | 34.25 | OK | |||
| r-devel-windows-x86_64 | 0.1-8 | 2.00 | 44.00 | 46.00 | OK | |
| r-patched-linux-x86_64 | 0.1-8 | 1.90 | 21.26 | 23.16 | OK | |
| r-release-linux-x86_64 | 0.1-8 | 1.83 | 21.41 | 23.24 | OK | |
| r-release-macos-arm64 | 0.1-8 | 1.00 | 16.00 | 17.00 | OK | |
| r-release-macos-x86_64 | 0.1-8 | 2.00 | 24.00 | 26.00 | OK | |
| r-release-windows-x86_64 | 0.1-8 | 4.00 | 45.00 | 49.00 | OK | |
| r-oldrel-macos-arm64 | 0.1-8 | 1.00 | 19.00 | 20.00 | OK | |
| r-oldrel-macos-x86_64 | 0.1-8 | 2.00 | 20.00 | 22.00 | OK | |
| r-oldrel-windows-x86_64 | 0.1-8 | 5.00 | 49.00 | 54.00 | OK | 
Version: 0.1-8
Check: CRAN incoming feasibility
Result: NOTE
  Maintainer: ‘Romain Francois <romain@r-enthusiasts.com>’
  
  No Authors@R field in DESCRIPTION.
  Please add one, modifying
    Authors@R: person(given = "Romain",
                      family = "Francois",
                      role = c("aut", "cre"),
                      email = "romain@r-enthusiasts.com")
  as necessary.
Flavors: r-devel-linux-x86_64-debian-clang, r-devel-linux-x86_64-debian-gcc