Last updated on 2025-10-31 02:50:38 CET.
| Flavor | Version | Tinstall | Tcheck | Ttotal | Status | Flags | 
|---|---|---|---|---|---|---|
| r-devel-linux-x86_64-debian-clang | 1.2.5 | 2.27 | 23.54 | 25.81 | NOTE | |
| r-devel-linux-x86_64-debian-gcc | 1.2.5 | 1.86 | 18.74 | 20.60 | NOTE | |
| r-devel-linux-x86_64-fedora-clang | 1.2.5 | 37.82 | OK | |||
| r-devel-linux-x86_64-fedora-gcc | 1.2.5 | 36.16 | OK | |||
| r-devel-windows-x86_64 | 1.2.5 | 4.00 | 45.00 | 49.00 | OK | |
| r-patched-linux-x86_64 | 1.2.5 | 2.72 | 22.09 | 24.81 | OK | |
| r-release-linux-x86_64 | 1.2.5 | 2.31 | 22.04 | 24.35 | OK | |
| r-release-macos-arm64 | 1.2.5 | 1.00 | 14.00 | 15.00 | OK | |
| r-release-macos-x86_64 | 1.2.5 | 2.00 | 24.00 | 26.00 | OK | |
| r-release-windows-x86_64 | 1.2.5 | 5.00 | 58.00 | 63.00 | OK | |
| r-oldrel-macos-arm64 | 1.2.5 | 1.00 | 14.00 | 15.00 | OK | |
| r-oldrel-macos-x86_64 | 1.2.5 | 2.00 | 18.00 | 20.00 | OK | |
| r-oldrel-windows-x86_64 | 1.2.5 | 4.00 | 44.00 | 48.00 | OK | 
Version: 1.2.5
Check: CRAN incoming feasibility
Result: NOTE
  Maintainer: ‘Prakash <prakash2@uwalumni.com>’
  
  No Authors@R field in DESCRIPTION.
  Please add one, modifying
    Authors@R: person(family = "Prakash",
                      role = c("aut", "cre"),
                      email = "prakash2@uwalumni.com",
                      comment = "PKS Prakash")
  as necessary.
Flavors: r-devel-linux-x86_64-debian-clang, r-devel-linux-x86_64-debian-gcc