Last updated on 2025-10-31 02:50:38 CET.
| Flavor | Version | Tinstall | Tcheck | Ttotal | Status | Flags | 
|---|---|---|---|---|---|---|
| r-devel-linux-x86_64-debian-clang | 1.0 | 13.61 | 112.67 | 126.28 | NOTE | |
| r-devel-linux-x86_64-debian-gcc | 1.0 | 9.81 | 84.38 | 94.19 | NOTE | |
| r-devel-linux-x86_64-fedora-clang | 1.0 | 27.00 | 164.48 | 191.48 | NOTE | |
| r-devel-linux-x86_64-fedora-gcc | 1.0 | 73.00 | 123.83 | 196.83 | NOTE | |
| r-devel-windows-x86_64 | 1.0 | 11.00 | 90.00 | 101.00 | OK | |
| r-patched-linux-x86_64 | 1.0 | 12.92 | 109.30 | 122.22 | OK | |
| r-release-linux-x86_64 | 1.0 | 10.46 | 109.76 | 120.22 | OK | |
| r-release-macos-arm64 | 1.0 | 4.00 | 46.00 | 50.00 | OK | |
| r-release-macos-x86_64 | 1.0 | 7.00 | 73.00 | 80.00 | OK | |
| r-release-windows-x86_64 | 1.0 | 16.00 | 115.00 | 131.00 | OK | |
| r-oldrel-macos-arm64 | 1.0 | 3.00 | 40.00 | 43.00 | OK | |
| r-oldrel-macos-x86_64 | 1.0 | 5.00 | 55.00 | 60.00 | OK | |
| r-oldrel-windows-x86_64 | 1.0 | 15.00 | 114.00 | 129.00 | OK | 
Version: 1.0
Check: CRAN incoming feasibility
Result: NOTE
  Maintainer: ‘Robin Wellmann <r.wellmann@uni-hohenheim.de>’
  
  No Authors@R field in DESCRIPTION.
  Please add one, modifying
    Authors@R: person(given = "Robin",
                      family = "Wellmann",
                      role = c("aut", "cre"),
                      email = "r.wellmann@uni-hohenheim.de")
  as necessary.
Flavors: r-devel-linux-x86_64-debian-clang, r-devel-linux-x86_64-debian-gcc
Version: 1.0
Check: dependencies in R code
Result: NOTE
  Namespace in Imports field not imported from: ‘Matrix’
    All declared Imports should be used.
Flavors: r-devel-linux-x86_64-fedora-clang, r-devel-linux-x86_64-fedora-gcc