Last updated on 2025-10-31 02:50:38 CET.
| Flavor | Version | Tinstall | Tcheck | Ttotal | Status | Flags | 
|---|---|---|---|---|---|---|
| r-devel-linux-x86_64-debian-clang | 0.1-1 | 31.40 | 66.31 | 97.71 | OK | |
| r-devel-linux-x86_64-debian-gcc | 0.1-1 | 21.78 | 49.87 | 71.65 | OK | |
| r-devel-linux-x86_64-fedora-clang | 0.1-1 | 81.00 | 100.95 | 181.95 | OK | |
| r-devel-linux-x86_64-fedora-gcc | 0.1-1 | 59.00 | 100.00 | 159.00 | OK | |
| r-devel-windows-x86_64 | 0.1-1 | 42.00 | 90.00 | 132.00 | OK | |
| r-patched-linux-x86_64 | 0.1-1 | 31.13 | 63.63 | 94.76 | OK | |
| r-release-linux-x86_64 | 0.1-1 | 31.13 | 63.39 | 94.52 | OK | |
| r-release-macos-arm64 | 0.1-1 | 14.00 | 34.00 | 48.00 | OK | |
| r-release-macos-x86_64 | 0.1-1 | 16.00 | 66.00 | 82.00 | OK | |
| r-release-windows-x86_64 | 0.1-1 | 43.00 | 88.00 | 131.00 | OK | |
| r-oldrel-macos-arm64 | 0.1-1 | 15.00 | 30.00 | 45.00 | NOTE | |
| r-oldrel-macos-x86_64 | 0.1-1 | 15.00 | 58.00 | 73.00 | NOTE | |
| r-oldrel-windows-x86_64 | 0.1-1 | 49.00 | 110.00 | 159.00 | NOTE | 
Version: 0.1-1
Check: LazyData
Result: NOTE
    'LazyData' is specified without a 'data' directory
Flavors: r-oldrel-macos-arm64, r-oldrel-macos-x86_64, r-oldrel-windows-x86_64