Last updated on 2025-10-31 02:50:38 CET.
| Flavor | Version | Tinstall | Tcheck | Ttotal | Status | Flags | 
|---|---|---|---|---|---|---|
| r-devel-linux-x86_64-debian-clang | 1.0 | 1.80 | 18.79 | 20.59 | NOTE | |
| r-devel-linux-x86_64-debian-gcc | 1.0 | 1.27 | 15.59 | 16.86 | NOTE | |
| r-devel-linux-x86_64-fedora-clang | 1.0 | 29.32 | OK | |||
| r-devel-linux-x86_64-fedora-gcc | 1.0 | 29.23 | OK | |||
| r-devel-windows-x86_64 | 1.0 | 3.00 | 35.00 | 38.00 | OK | |
| r-patched-linux-x86_64 | 1.0 | 1.75 | 17.53 | 19.28 | OK | |
| r-release-linux-x86_64 | 1.0 | 1.67 | 17.51 | 19.18 | OK | |
| r-release-macos-arm64 | 1.0 | 1.00 | 12.00 | 13.00 | OK | |
| r-release-macos-x86_64 | 1.0 | 2.00 | 18.00 | 20.00 | OK | |
| r-release-windows-x86_64 | 1.0 | 3.00 | 39.00 | 42.00 | OK | |
| r-oldrel-macos-arm64 | 1.0 | 1.00 | 12.00 | 13.00 | OK | |
| r-oldrel-macos-x86_64 | 1.0 | 1.00 | 17.00 | 18.00 | OK | |
| r-oldrel-windows-x86_64 | 1.0 | 3.00 | 35.00 | 38.00 | OK | 
Version: 1.0
Check: CRAN incoming feasibility
Result: NOTE
  Maintainer: ‘Daniel Greene <dg333@cam.ac.uk>’
  
  No Authors@R field in DESCRIPTION.
  Please add one, modifying
    Authors@R: person(given = "Daniel",
                      family = "Greene",
                      role = c("aut", "cre"),
                      email = "dg333@cam.ac.uk")
  as necessary.
Flavors: r-devel-linux-x86_64-debian-clang, r-devel-linux-x86_64-debian-gcc