Last updated on 2025-10-31 02:50:38 CET.
| Flavor | Version | Tinstall | Tcheck | Ttotal | Status | Flags | 
|---|---|---|---|---|---|---|
| r-devel-linux-x86_64-debian-clang | 2.2-17 | 22.40 | 94.27 | 116.67 | NOTE | |
| r-devel-linux-x86_64-debian-gcc | 2.2-17 | 15.61 | 74.94 | 90.55 | NOTE | |
| r-devel-linux-x86_64-fedora-clang | 2.2-17 | 65.00 | 126.62 | 191.62 | OK | |
| r-devel-linux-x86_64-fedora-gcc | 2.2-17 | 47.00 | 119.51 | 166.51 | OK | |
| r-devel-windows-x86_64 | 2.2-17 | 31.00 | 109.00 | 140.00 | OK | |
| r-patched-linux-x86_64 | 2.2-17 | 21.33 | 93.42 | 114.75 | OK | |
| r-release-linux-x86_64 | 2.2-17 | 21.63 | 93.73 | 115.36 | OK | |
| r-release-macos-arm64 | 2.2-17 | 24.00 | 125.00 | 149.00 | OK | |
| r-release-macos-x86_64 | 2.2-17 | 20.00 | 114.00 | 134.00 | OK | |
| r-release-windows-x86_64 | 2.2-17 | 36.00 | 109.00 | 145.00 | OK | |
| r-oldrel-macos-arm64 | 2.2-17 | 17.00 | 70.00 | 87.00 | OK | |
| r-oldrel-macos-x86_64 | 2.2-17 | 17.00 | 91.00 | 108.00 | OK | |
| r-oldrel-windows-x86_64 | 2.2-17 | 38.00 | 131.00 | 169.00 | OK | 
Version: 2.2-17
Check: CRAN incoming feasibility
Result: NOTE
  Maintainer: ‘Thomas Hoffmann <tjhoffm@gmail.com>’
  
  No Authors@R field in DESCRIPTION.
  Please add one, modifying
    Authors@R: c(person(given = "Thomas",
                        family = "Hoffmann",
                        role = c("aut", "cre"),
                        email = "tjhoffm@gmail.com"),
                 person(given = c("with", "contributions", "from", "Christoph"),
                        family = "Lange",
                        role = "aut",
                        email = "clange@hsph.harvard.edu"))
  as necessary.
Flavors: r-devel-linux-x86_64-debian-clang, r-devel-linux-x86_64-debian-gcc