Last updated on 2025-10-31 02:50:38 CET.
| Flavor | Version | Tinstall | Tcheck | Ttotal | Status | Flags | 
|---|---|---|---|---|---|---|
| r-devel-linux-x86_64-debian-clang | 0.3-7 | 159.83 | 50.25 | 210.08 | OK | |
| r-devel-linux-x86_64-debian-gcc | 0.3-7 | 105.39 | 42.48 | 147.87 | OK | |
| r-devel-linux-x86_64-fedora-clang | 0.3-7 | 362.00 | -42.86 | 319.14 | OK | |
| r-devel-linux-x86_64-fedora-gcc | 0.3-7 | 352.00 | -20.40 | 331.60 | OK | |
| r-devel-windows-x86_64 | 0.3-7 | 241.00 | 81.00 | 322.00 | OK | |
| r-patched-linux-x86_64 | 0.3-7 | 140.92 | 48.63 | 189.55 | OK | |
| r-release-linux-x86_64 | 0.3-7 | 141.02 | 48.58 | 189.60 | OK | |
| r-release-macos-arm64 | 0.3-7 | 5.00 | ERROR | |||
| r-release-macos-x86_64 | 0.3-7 | 7.00 | ERROR | |||
| r-release-windows-x86_64 | 0.3-7 | 262.00 | 81.00 | 343.00 | OK | |
| r-oldrel-macos-arm64 | 0.3-7 | 10.00 | ERROR | |||
| r-oldrel-macos-x86_64 | 0.3-7 | 12.00 | ERROR | |||
| r-oldrel-windows-x86_64 | 0.3-7 | 289.00 | 88.00 | 377.00 | NOTE | 
Version: 0.3-7
Check: package dependencies
Result: ERROR
  Package required but not available: ‘pbdMPI’
  
  See section ‘The DESCRIPTION file’ in the ‘Writing R Extensions’
  manual.
Flavors: r-release-macos-arm64, r-release-macos-x86_64, r-oldrel-macos-arm64, r-oldrel-macos-x86_64
Version: 0.3-7
Check: installed package size
Result: NOTE
    installed size is  5.6Mb
    sub-directories of 1Mb or more:
      lib    2.9Mb
      libs   2.4Mb
Flavor: r-oldrel-windows-x86_64