Last updated on 2025-10-31 02:50:38 CET.
| Flavor | Version | Tinstall | Tcheck | Ttotal | Status | Flags | 
|---|---|---|---|---|---|---|
| r-devel-linux-x86_64-debian-clang | 1.0.3 | 7.65 | 26.93 | 34.58 | NOTE | |
| r-devel-linux-x86_64-debian-gcc | 1.0.3 | 10.92 | 21.93 | 32.85 | NOTE | |
| r-devel-linux-x86_64-fedora-clang | 1.0.3 | 24.00 | 24.84 | 48.84 | NOTE | |
| r-devel-linux-x86_64-fedora-gcc | 1.0.3 | 31.00 | 28.56 | 59.56 | NOTE | |
| r-devel-windows-x86_64 | 1.0.3 | 17.00 | 51.00 | 68.00 | OK | |
| r-patched-linux-x86_64 | 1.0.3 | 16.41 | 25.08 | 41.49 | OK | |
| r-release-linux-x86_64 | 1.0.3 | 15.51 | 25.42 | 40.93 | OK | |
| r-release-macos-arm64 | 1.0.3 | 37.00 | 16.00 | 53.00 | OK | |
| r-release-macos-x86_64 | 1.0.3 | 8.00 | 34.00 | 42.00 | OK | |
| r-release-windows-x86_64 | 1.0.3 | 18.00 | 50.00 | 68.00 | OK | |
| r-oldrel-macos-arm64 | 1.0.3 | 35.00 | 15.00 | 50.00 | OK | |
| r-oldrel-macos-x86_64 | 1.0.3 | 9.00 | 25.00 | 34.00 | OK | |
| r-oldrel-windows-x86_64 | 1.0.3 | 20.00 | 56.00 | 76.00 | OK | 
Version: 1.0.3
Check: CRAN incoming feasibility
Result: NOTE
  Maintainer: ‘Andreas M. Brandmaier <brandmaier@mpib-berlin.mpg.de>’
  
  No Authors@R field in DESCRIPTION.
  Please add one, modifying
    Authors@R: person(given = c("Andreas", "M."),
                      family = "Brandmaier",
                      role = c("aut", "cre"),
                      email = "brandmaier@mpib-berlin.mpg.de")
  as necessary.
  
  Found the following (possibly) invalid file URI:
    URI: openclipart.org
      From: man/complex.shapes.Rd
Flavors: r-devel-linux-x86_64-debian-clang, r-devel-linux-x86_64-debian-gcc
Version: 1.0.3
Check: compiled code
Result: NOTE
  File ‘pdc/libs/pdc.so’:
    Found no calls to: ‘R_registerRoutines’, ‘R_useDynamicSymbols’
  
  It is good practice to register native routines and to disable symbol
  search.
  
  See ‘Writing portable packages’ in the ‘Writing R Extensions’ manual.
Flavors: r-devel-linux-x86_64-fedora-clang, r-devel-linux-x86_64-fedora-gcc