Last updated on 2025-10-31 02:50:38 CET.
| Flavor | Version | Tinstall | Tcheck | Ttotal | Status | Flags | 
|---|---|---|---|---|---|---|
| r-devel-linux-x86_64-debian-clang | 0.2.13 | 10.34 | 87.10 | 97.44 | NOTE | |
| r-devel-linux-x86_64-debian-gcc | 0.2.13 | 6.63 | 65.75 | 72.38 | NOTE | |
| r-devel-linux-x86_64-fedora-clang | 0.2.13 | 24.00 | 126.71 | 150.71 | NOTE | |
| r-devel-linux-x86_64-fedora-gcc | 0.2.13 | 22.00 | 132.80 | 154.80 | NOTE | |
| r-devel-windows-x86_64 | 0.2.13 | 11.00 | 116.00 | 127.00 | NOTE | |
| r-patched-linux-x86_64 | 0.2.13 | 10.45 | 84.39 | 94.84 | NOTE | |
| r-release-linux-x86_64 | 0.2.13 | 9.86 | 83.69 | 93.55 | NOTE | |
| r-release-macos-arm64 | 0.2.13 | 5.00 | 46.00 | 51.00 | NOTE | |
| r-release-macos-x86_64 | 0.2.13 | 9.00 | 83.00 | 92.00 | NOTE | |
| r-release-windows-x86_64 | 0.2.13 | 13.00 | 109.00 | 122.00 | NOTE | |
| r-oldrel-macos-arm64 | 0.2.13 | 4.00 | 43.00 | 47.00 | NOTE | |
| r-oldrel-macos-x86_64 | 0.2.13 | 6.00 | 62.00 | 68.00 | NOTE | |
| r-oldrel-windows-x86_64 | 0.2.13 | 15.00 | 130.00 | 145.00 | NOTE | 
Version: 0.2.13
Check: CRAN incoming feasibility
Result: NOTE
  Maintainer: ‘Christian Schellhase <christian.schellhase@gmx.net>’
  
  No Authors@R field in DESCRIPTION.
  Please add one, modifying
    Authors@R: person(given = "Christian",
                      family = "Schellhase",
                      role = c("aut", "cre"),
                      email = "christian.schellhase@gmx.net")
  as necessary.
Flavors: r-devel-linux-x86_64-debian-clang, r-devel-linux-x86_64-debian-gcc
Version: 0.2.13
Check: Rd files
Result: NOTE
  checkRd: (-1) my.bspline.Rd:21: Escaped LaTeX specials: \$ \$ \$ \$ \$ \$
  checkRd: (-1) my.bspline.Rd:27: Escaped LaTeX specials: \$ \$ \$
  checkRd: (-1) pendensity.Rd:52: Escaped LaTeX specials: \$
  checkRd: (-1) pendensity.Rd:57: Escaped LaTeX specials: \$ \$
  checkRd: (-1) pendensity.Rd:66: Escaped LaTeX specials: \$
  checkRd: (-1) pendensity.Rd:82: Escaped LaTeX specials: \$ \$
  checkRd: (-1) pendensity.Rd:96: Escaped LaTeX specials: \$
  checkRd: (-1) pendensity.Rd:100: Escaped LaTeX specials: \$
  checkRd: (-1) pendensity.Rd:105: Escaped LaTeX specials: \$
  checkRd: (-1) pendensity.Rd:109: Escaped LaTeX specials: \$
Flavors: r-devel-linux-x86_64-debian-clang, r-devel-linux-x86_64-debian-gcc, r-devel-linux-x86_64-fedora-clang, r-devel-linux-x86_64-fedora-gcc, r-devel-windows-x86_64, r-patched-linux-x86_64, r-release-linux-x86_64, r-release-macos-arm64, r-release-macos-x86_64, r-release-windows-x86_64, r-oldrel-macos-arm64, r-oldrel-macos-x86_64, r-oldrel-windows-x86_64