Last updated on 2025-07-24 02:52:20 CEST.
Flavor | Version | Tinstall | Tcheck | Ttotal | Status | Flags |
---|---|---|---|---|---|---|
r-devel-linux-x86_64-debian-clang | 0.1.0 | 23.56 | 32.12 | 55.68 | OK | |
r-devel-linux-x86_64-debian-gcc | 0.1.0 | 18.84 | 24.85 | 43.69 | OK | |
r-devel-linux-x86_64-fedora-clang | 0.1.0 | 94.64 | NOTE | |||
r-devel-linux-x86_64-fedora-gcc | 0.1.0 | 92.27 | NOTE | |||
r-devel-windows-x86_64 | 0.1.0 | 30.00 | 70.00 | 100.00 | OK | |
r-patched-linux-x86_64 | 0.1.0 | 25.60 | 29.53 | 55.13 | OK | |
r-release-linux-x86_64 | 0.1.0 | 25.88 | 29.56 | 55.44 | OK | |
r-release-macos-arm64 | 0.1.0 | 31.00 | OK | |||
r-release-macos-x86_64 | 0.1.0 | 49.00 | OK | |||
r-release-windows-x86_64 | 0.1.0 | 31.00 | 69.00 | 100.00 | OK | |
r-oldrel-macos-arm64 | 0.1.0 | 29.00 | NOTE | |||
r-oldrel-macos-x86_64 | 0.1.0 | 43.00 | NOTE | |||
r-oldrel-windows-x86_64 | 0.1.0 | 38.00 | 74.00 | 112.00 | NOTE |
Version: 0.1.0
Check: compiled code
Result: NOTE
File ‘pgee.mixed/libs/pgee.mixed.so’:
Found no calls to: ‘R_registerRoutines’, ‘R_useDynamicSymbols’
It is good practice to register native routines and to disable symbol
search.
See ‘Writing portable packages’ in the ‘Writing R Extensions’ manual.
Flavors: r-devel-linux-x86_64-fedora-clang, r-devel-linux-x86_64-fedora-gcc
Version: 0.1.0
Check: LazyData
Result: NOTE
'LazyData' is specified without a 'data' directory
Flavors: r-oldrel-macos-arm64, r-oldrel-macos-x86_64, r-oldrel-windows-x86_64