Last updated on 2025-10-31 02:50:39 CET.
| Flavor | Version | Tinstall | Tcheck | Ttotal | Status | Flags | 
|---|---|---|---|---|---|---|
| r-devel-linux-x86_64-debian-clang | 1.0-7 | 3.49 | 29.96 | 33.45 | NOTE | |
| r-devel-linux-x86_64-debian-gcc | 1.0-7 | 2.47 | 22.51 | 24.98 | NOTE | |
| r-devel-linux-x86_64-fedora-clang | 1.0-7 | 50.71 | OK | |||
| r-devel-linux-x86_64-fedora-gcc | 1.0-7 | 47.45 | OK | |||
| r-devel-windows-x86_64 | 1.0-7 | 4.00 | 46.00 | 50.00 | OK | |
| r-patched-linux-x86_64 | 1.0-7 | 3.26 | 28.23 | 31.49 | OK | |
| r-release-linux-x86_64 | 1.0-7 | 3.04 | 28.27 | 31.31 | OK | |
| r-release-macos-arm64 | 1.0-7 | 2.00 | 17.00 | 19.00 | OK | |
| r-release-macos-x86_64 | 1.0-7 | 3.00 | 39.00 | 42.00 | OK | |
| r-release-windows-x86_64 | 1.0-7 | 4.00 | 49.00 | 53.00 | OK | |
| r-oldrel-macos-arm64 | 1.0-7 | 2.00 | 16.00 | 18.00 | OK | |
| r-oldrel-macos-x86_64 | 1.0-7 | 3.00 | 24.00 | 27.00 | OK | |
| r-oldrel-windows-x86_64 | 1.0-7 | 4.00 | 58.00 | 62.00 | OK | 
Version: 1.0-7
Check: CRAN incoming feasibility
Result: NOTE
  Maintainer: ‘Daniel R. McCloy <drmccloy@uw.edu>’
  
  No Authors@R field in DESCRIPTION.
  Please add one, modifying
    Authors@R: person(given = c("Daniel", "R."),
                      family = "McCloy",
                      role = c("aut", "cre"),
                      email = "drmccloy@uw.edu")
  as necessary.
  
  Package CITATION file contains call(s) to old-style personList() or
  as.personList().  Please use c() on person objects instead.
  Package CITATION file contains call(s) to old-style citEntry().  Please
  use bibentry() instead.
  
  Found the following URLs which should use \doi (with the DOI name only):
    File ‘indo.Rd’:
      http://dx.doi.org/10.1121/1.4870068
    File ‘normVowels.Rd’:
      http://dx.doi.org/10.1016/0378-5955(90)90170-T
      http://dx.doi.org/10.1121/1.1912396
      http://dx.doi.org/10.1121/1.399849
    File ‘repulsiveForce.Rd’:
      http://dx.doi.org/10.1177/0023830914559234
      http://dx.doi.org/10.1145/378456.378457
Flavors: r-devel-linux-x86_64-debian-clang, r-devel-linux-x86_64-debian-gcc