Last updated on 2025-10-30 02:49:09 CET.
| Flavor | Version | Tinstall | Tcheck | Ttotal | Status | Flags | 
|---|---|---|---|---|---|---|
| r-devel-linux-x86_64-debian-clang | 0.0.17 | 8.83 | 75.87 | 84.70 | NOTE | |
| r-devel-linux-x86_64-debian-gcc | 0.0.17 | 5.82 | 53.75 | 59.57 | NOTE | |
| r-devel-linux-x86_64-fedora-clang | 0.0.17 | 63.00 | 77.03 | 140.03 | NOTE | |
| r-devel-linux-x86_64-fedora-gcc | 0.0.17 | 45.00 | 101.32 | 146.32 | NOTE | |
| r-devel-windows-x86_64 | 0.0.17 | 10.00 | 88.00 | 98.00 | NOTE | |
| r-patched-linux-x86_64 | 0.0.17 | 9.33 | 69.25 | 78.58 | NOTE | |
| r-release-linux-x86_64 | 0.0.17 | 8.26 | 69.93 | 78.19 | NOTE | |
| r-release-macos-arm64 | 0.0.17 | 4.00 | 46.00 | 50.00 | NOTE | |
| r-release-macos-x86_64 | 0.0.17 | 11.00 | 115.00 | 126.00 | NOTE | |
| r-release-windows-x86_64 | 0.0.17 | 12.00 | 88.00 | 100.00 | NOTE | |
| r-oldrel-macos-arm64 | 0.0.17 | 4.00 | 41.00 | 45.00 | OK | |
| r-oldrel-macos-x86_64 | 0.0.17 | 10.00 | 96.00 | 106.00 | OK | |
| r-oldrel-windows-x86_64 | 0.0.17 | 15.00 | 107.00 | 122.00 | OK | 
Version: 0.0.17
Check: DESCRIPTION meta-information
Result: NOTE
    Missing dependency on R >= 4.1.0 because package code uses the pipe
    |> or function shorthand \(...) syntax added in R 4.1.0.
    File(s) using such syntax:
      ‘df_to_tier.R’
Flavors: r-devel-linux-x86_64-debian-clang, r-devel-linux-x86_64-debian-gcc, r-devel-linux-x86_64-fedora-clang, r-devel-linux-x86_64-fedora-gcc, r-devel-windows-x86_64, r-patched-linux-x86_64, r-release-linux-x86_64, r-release-macos-arm64, r-release-macos-x86_64, r-release-windows-x86_64