Last updated on 2025-10-30 02:49:09 CET.
| Flavor | Version | Tinstall | Tcheck | Ttotal | Status | Flags |
|---|---|---|---|---|---|---|
| r-devel-linux-x86_64-debian-clang | 0.0.4 | 12.52 | 73.37 | 85.89 | NOTE | |
| r-devel-linux-x86_64-debian-gcc | 0.0.4 | 8.08 | 49.16 | 57.24 | NOTE | |
| r-devel-linux-x86_64-fedora-clang | 0.0.4 | 31.00 | 94.64 | 125.64 | OK | |
| r-devel-linux-x86_64-fedora-gcc | 0.0.4 | 31.00 | 90.76 | 121.76 | OK | |
| r-devel-windows-x86_64 | 0.0.4 | 12.00 | 76.00 | 88.00 | OK | |
| r-patched-linux-x86_64 | 0.0.4 | 11.17 | 67.98 | 79.15 | OK | |
| r-release-linux-x86_64 | 0.0.4 | 11.81 | 68.42 | 80.23 | OK | |
| r-release-macos-arm64 | 0.0.4 | 7.00 | 55.00 | 62.00 | OK | |
| r-release-macos-x86_64 | 0.0.4 | 17.00 | 81.00 | 98.00 | OK | |
| r-release-windows-x86_64 | 0.0.4 | 13.00 | 78.00 | 91.00 | OK | |
| r-oldrel-macos-arm64 | 0.0.4 | 5.00 | 29.00 | 34.00 | OK | |
| r-oldrel-macos-x86_64 | 0.0.4 | 8.00 | 44.00 | 52.00 | OK | |
| r-oldrel-windows-x86_64 | 0.0.4 | 16.00 | 97.00 | 113.00 | OK |
Version: 0.0.4
Check: CRAN incoming feasibility
Result: NOTE
Maintainer: ‘John R. Stevens <john.r.stevens@usu.edu>’
No Authors@R field in DESCRIPTION.
Please add one, modifying
Authors@R: c(person(given = c("J.", "Conrad"),
family = "Stack",
role = "aut"),
person(given = c("John", "R."),
family = "Stevens",
role = "cre",
email = "john.r.stevens@usu.edu"))
as necessary.
Flavors: r-devel-linux-x86_64-debian-clang, r-devel-linux-x86_64-debian-gcc