Last updated on 2025-10-30 02:49:09 CET.
| Flavor | Version | Tinstall | Tcheck | Ttotal | Status | Flags | 
|---|---|---|---|---|---|---|
| r-devel-linux-x86_64-debian-clang | 0.1.0 | 3.86 | 36.23 | 40.09 | NOTE | |
| r-devel-linux-x86_64-debian-gcc | 0.1.0 | 2.82 | 29.33 | 32.15 | NOTE | |
| r-devel-linux-x86_64-fedora-clang | 0.1.0 | 59.40 | OK | |||
| r-devel-linux-x86_64-fedora-gcc | 0.1.0 | 57.47 | OK | |||
| r-devel-windows-x86_64 | 0.1.0 | 6.00 | 57.00 | 63.00 | OK | |
| r-patched-linux-x86_64 | 0.1.0 | 3.29 | 34.23 | 37.52 | OK | |
| r-release-linux-x86_64 | 0.1.0 | 3.53 | 34.74 | 38.27 | OK | |
| r-release-macos-arm64 | 0.1.0 | 2.00 | 25.00 | 27.00 | OK | |
| r-release-macos-x86_64 | 0.1.0 | 4.00 | 39.00 | 43.00 | OK | |
| r-release-windows-x86_64 | 0.1.0 | 6.00 | 58.00 | 64.00 | OK | |
| r-oldrel-macos-arm64 | 0.1.0 | 2.00 | 21.00 | 23.00 | OK | |
| r-oldrel-macos-x86_64 | 0.1.0 | 3.00 | 30.00 | 33.00 | OK | |
| r-oldrel-windows-x86_64 | 0.1.0 | 8.00 | 67.00 | 75.00 | OK | 
Version: 0.1.0
Check: CRAN incoming feasibility
Result: NOTE
  Maintainer: ‘Matt Deppe <deppemj@gmail.com>’
  
  No Authors@R field in DESCRIPTION.
  Please add one, modifying
    Authors@R: person(given = "Matt",
                      family = "Deppe",
                      role = c("aut", "cre"),
                      email = "deppemj@gmail.com")
  as necessary.
Flavors: r-devel-linux-x86_64-debian-clang, r-devel-linux-x86_64-debian-gcc