Last updated on 2025-10-31 02:50:39 CET.
| Flavor | Version | Tinstall | Tcheck | Ttotal | Status | Flags | 
|---|---|---|---|---|---|---|
| r-devel-linux-x86_64-debian-clang | 0.1.4 | 3.85 | 35.56 | 39.41 | NOTE | |
| r-devel-linux-x86_64-debian-gcc | 0.1.4 | 3.19 | 27.02 | 30.21 | NOTE | |
| r-devel-linux-x86_64-fedora-clang | 0.1.4 | 59.61 | OK | |||
| r-devel-linux-x86_64-fedora-gcc | 0.1.4 | 57.44 | OK | |||
| r-devel-windows-x86_64 | 0.1.4 | 5.00 | 51.00 | 56.00 | OK | |
| r-patched-linux-x86_64 | 0.1.4 | 4.02 | 33.04 | 37.06 | OK | |
| r-release-linux-x86_64 | 0.1.4 | 3.57 | 32.97 | 36.54 | OK | |
| r-release-macos-arm64 | 0.1.4 | 3.00 | 20.00 | 23.00 | OK | |
| r-release-macos-x86_64 | 0.1.4 | 4.00 | 36.00 | 40.00 | OK | |
| r-release-windows-x86_64 | 0.1.4 | 6.00 | 58.00 | 64.00 | OK | |
| r-oldrel-macos-arm64 | 0.1.4 | 2.00 | 20.00 | 22.00 | NOTE | |
| r-oldrel-macos-x86_64 | 0.1.4 | 3.00 | 28.00 | 31.00 | NOTE | |
| r-oldrel-windows-x86_64 | 0.1.4 | 7.00 | 62.00 | 69.00 | OK | 
Version: 0.1.4
Check: CRAN incoming feasibility
Result: NOTE
  Maintainer: ‘Marco Blume <marco.blume@pinnaclesports.com>’
  
  No Authors@R field in DESCRIPTION.
  Please add one, modifying
    Authors@R: c(person(given = "Marco",
                        family = "Blume",
                        role = c("aut", "cre"),
                        email = "marco.blume@pinnaclesports.com"),
                 person(given = "Michael",
                        family = "Yan",
                        role = "aut"))
  as necessary.
Flavors: r-devel-linux-x86_64-debian-clang, r-devel-linux-x86_64-debian-gcc
Version: 0.1.4
Check: package dependencies
Result: NOTE
  Package suggested but not available for checking: ‘pinnacle.API’
Flavors: r-oldrel-macos-arm64, r-oldrel-macos-x86_64