Last updated on 2025-10-31 02:50:39 CET.
| Flavor | Version | Tinstall | Tcheck | Ttotal | Status | Flags | 
|---|---|---|---|---|---|---|
| r-devel-linux-x86_64-debian-clang | 0.6.1.3 | 1.92 | 22.68 | 24.60 | NOTE | |
| r-devel-linux-x86_64-debian-gcc | 0.6.1.3 | 1.52 | 18.87 | 20.39 | NOTE | |
| r-devel-linux-x86_64-fedora-clang | 0.6.1.3 | 34.15 | OK | |||
| r-devel-linux-x86_64-fedora-gcc | 0.6.1.3 | 33.02 | OK | |||
| r-devel-windows-x86_64 | 0.6.1.3 | 2.00 | 42.00 | 44.00 | OK | |
| r-patched-linux-x86_64 | 0.6.1.3 | 1.75 | 20.30 | 22.05 | OK | |
| r-release-linux-x86_64 | 0.6.1.3 | 1.89 | 20.16 | 22.05 | OK | |
| r-release-macos-arm64 | 0.6.1.3 | 1.00 | 17.00 | 18.00 | OK | |
| r-release-macos-x86_64 | 0.6.1.3 | 2.00 | 24.00 | 26.00 | OK | |
| r-release-windows-x86_64 | 0.6.1.3 | 3.00 | 47.00 | 50.00 | OK | |
| r-oldrel-macos-arm64 | 0.6.1.3 | 1.00 | 22.00 | 23.00 | OK | |
| r-oldrel-macos-x86_64 | 0.6.1.3 | 2.00 | 25.00 | 27.00 | OK | |
| r-oldrel-windows-x86_64 | 0.6.1.3 | 5.00 | 48.00 | 53.00 | OK | 
Version: 0.6.1.3
Check: CRAN incoming feasibility
Result: NOTE
  Maintainer: ‘Kun Ren <ken@renkun.me>’
  
  No Authors@R field in DESCRIPTION.
  Please add one, modifying
    Authors@R: person(given = "Kun",
                      family = "Ren",
                      role = c("aut", "cre"),
                      email = "ken@renkun.me")
  as necessary.
Flavors: r-devel-linux-x86_64-debian-clang, r-devel-linux-x86_64-debian-gcc