Last updated on 2025-10-30 02:49:09 CET.
| Flavor | Version | Tinstall | Tcheck | Ttotal | Status | Flags | 
|---|---|---|---|---|---|---|
| r-devel-linux-x86_64-debian-clang | 0.1.1 | 1.89 | 30.92 | 32.81 | NOTE | |
| r-devel-linux-x86_64-debian-gcc | 0.1.1 | 1.42 | 24.39 | 25.81 | NOTE | |
| r-devel-linux-x86_64-fedora-clang | 0.1.1 | 47.92 | OK | |||
| r-devel-linux-x86_64-fedora-gcc | 0.1.1 | 57.85 | OK | |||
| r-devel-windows-x86_64 | 0.1.1 | 3.00 | 51.00 | 54.00 | OK | |
| r-patched-linux-x86_64 | 0.1.1 | 1.86 | 28.22 | 30.08 | OK | |
| r-release-linux-x86_64 | 0.1.1 | 1.76 | 28.24 | 30.00 | OK | |
| r-release-macos-arm64 | 0.1.1 | 1.00 | 29.00 | 30.00 | OK | |
| r-release-macos-x86_64 | 0.1.1 | 2.00 | 68.00 | 70.00 | OK | |
| r-release-windows-x86_64 | 0.1.1 | 5.00 | 52.00 | 57.00 | OK | |
| r-oldrel-macos-arm64 | 0.1.1 | 1.00 | 23.00 | 24.00 | NOTE | |
| r-oldrel-macos-x86_64 | 0.1.1 | 1.00 | 34.00 | 35.00 | NOTE | |
| r-oldrel-windows-x86_64 | 0.1.1 | 3.00 | 61.00 | 64.00 | NOTE | 
Version: 0.1.1
Check: CRAN incoming feasibility
Result: NOTE
  Maintainer: ‘Alex Ioannides <alex.ioannides@yahoo.co.uk>’
  
  No Authors@R field in DESCRIPTION.
  Please add one, modifying
    Authors@R: person(given = "Alex",
                      family = "Ioannides",
                      role = c("aut", "cre"),
                      email = "alex.ioannides@yahoo.co.uk")
  as necessary.
Flavors: r-devel-linux-x86_64-debian-clang, r-devel-linux-x86_64-debian-gcc
Version: 0.1.1
Check: LazyData
Result: NOTE
    'LazyData' is specified without a 'data' directory
Flavors: r-oldrel-macos-arm64, r-oldrel-macos-x86_64, r-oldrel-windows-x86_64