Last updated on 2025-10-31 02:50:39 CET.
| Flavor | Version | Tinstall | Tcheck | Ttotal | Status | Flags | 
|---|---|---|---|---|---|---|
| r-devel-linux-x86_64-debian-clang | 1.5-1 | 30.95 | 108.39 | 139.34 | NOTE | |
| r-devel-linux-x86_64-debian-gcc | 1.5-1 | 17.77 | 69.98 | 87.75 | NOTE | |
| r-devel-linux-x86_64-fedora-clang | 1.5-1 | 69.00 | 147.16 | 216.16 | NOTE | |
| r-devel-linux-x86_64-fedora-gcc | 1.5-1 | 66.00 | 152.79 | 218.79 | NOTE | |
| r-devel-windows-x86_64 | 1.5-1 | 25.00 | 128.00 | 153.00 | NOTE | |
| r-patched-linux-x86_64 | 1.5-1 | 28.28 | 102.62 | 130.90 | NOTE | |
| r-release-linux-x86_64 | 1.5-1 | 27.53 | 101.52 | 129.05 | NOTE | |
| r-release-macos-arm64 | 1.5-1 | 11.00 | 50.00 | 61.00 | NOTE | |
| r-release-macos-x86_64 | 1.5-1 | 24.00 | 99.00 | 123.00 | NOTE | |
| r-release-windows-x86_64 | 1.5-1 | 25.00 | 133.00 | 158.00 | NOTE | |
| r-oldrel-macos-arm64 | 1.5-1 | 12.00 | 56.00 | 68.00 | NOTE | |
| r-oldrel-macos-x86_64 | 1.5-1 | 19.00 | 80.00 | 99.00 | NOTE | |
| r-oldrel-windows-x86_64 | 1.5-1 | 31.00 | 158.00 | 189.00 | NOTE | 
Version: 1.5-1
Check: CRAN incoming feasibility
Result: NOTE
  Maintainer: ‘Jonathan P. Weeks <weeksjp@gmail.com>’
  
  No Authors@R field in DESCRIPTION.
  Please add one, modifying
    Authors@R: person(given = c("Jonathan", "P."),
                      family = "Weeks",
                      role = c("aut", "cre"),
                      email = "weeksjp@gmail.com")
  as necessary.
  
  Package CITATION file contains call(s) to old-style personList() or
  as.personList().  Please use c() on person objects instead.
  Package CITATION file contains call(s) to old-style citEntry().  Please
  use bibentry() instead.
Flavors: r-devel-linux-x86_64-debian-clang, r-devel-linux-x86_64-debian-gcc
Version: 1.5-1
Check: Rd files
Result: NOTE
  checkRd: (-1) as.weight.Rd:56-60: Lost braces in \itemize; meant \describe ?
  checkRd: (-1) as.weight.Rd:62-63: Lost braces in \itemize; meant \describe ?
  checkRd: (-1) as.weight.Rd:65-66: Lost braces in \itemize; meant \describe ?
  checkRd: (-1) as.weight.Rd:68-70: Lost braces in \itemize; meant \describe ?
  checkRd: (-1) as.weight.Rd:72-73: Lost braces in \itemize; meant \describe ?
  checkRd: (-1) as.weight.Rd:78-80: Lost braces in \itemize; meant \describe ?
  checkRd: (-1) as.weight.Rd:82-83: Lost braces in \itemize; meant \describe ?
  checkRd: (-1) as.weight.Rd:85-92: Lost braces in \itemize; meant \describe ?
  checkRd: (-1) as.weight.Rd:94-96: Lost braces in \itemize; meant \describe ?
  checkRd: (-1) as.weight.Rd:98-104: Lost braces in \itemize; meant \describe ?
  checkRd: (-1) plink-package.Rd:13-37: Lost braces in \itemize; meant \describe ?
  checkRd: (-1) plink-package.Rd:18: Lost braces in \itemize; meant \describe ?
  checkRd: (-1) plink-package.Rd:19: Lost braces in \itemize; meant \describe ?
  checkRd: (-1) plink-package.Rd:20: Lost braces in \itemize; meant \describe ?
  checkRd: (-1) plink-package.Rd:21: Lost braces in \itemize; meant \describe ?
  checkRd: (-1) plink-package.Rd:22: Lost braces in \itemize; meant \describe ?
  checkRd: (-1) plink-package.Rd:23: Lost braces in \itemize; meant \describe ?
  checkRd: (-1) plink-package.Rd:24: Lost braces in \itemize; meant \describe ?
  checkRd: (-1) plink-package.Rd:25: Lost braces in \itemize; meant \describe ?
  checkRd: (-1) plink-package.Rd:27: Lost braces in \itemize; meant \describe ?
  checkRd: (-1) plink-package.Rd:28: Lost braces in \itemize; meant \describe ?
  checkRd: (-1) plink-package.Rd:29: Lost braces in \itemize; meant \describe ?
  checkRd: (-1) plink-package.Rd:30: Lost braces in \itemize; meant \describe ?
  checkRd: (-1) plink-package.Rd:31: Lost braces in \itemize; meant \describe ?
  checkRd: (-1) plink-package.Rd:32: Lost braces in \itemize; meant \describe ?
  checkRd: (-1) plink-package.Rd:33: Lost braces in \itemize; meant \describe ?
  checkRd: (-1) plink-package.Rd:34: Lost braces in \itemize; meant \describe ?
  checkRd: (-1) plink-package.Rd:39-81: Lost braces in \itemize; meant \describe ?
  checkRd: (-1) plink-package.Rd:44: Lost braces in \itemize; meant \describe ?
  checkRd: (-1) plink-package.Rd:45-46: Lost braces in \itemize; meant \describe ?
  checkRd: (-1) plink-package.Rd:47: Lost braces in \itemize; meant \describe ?
  checkRd: (-1) plink-package.Rd:48: Lost braces in \itemize; meant \describe ?
  checkRd: (-1) plink-package.Rd:54: Lost braces in \itemize; meant \describe ?
  checkRd: (-1) plink-package.Rd:55: Lost braces in \itemize; meant \describe ?
  checkRd: (-1) plink-package.Rd:56: Lost braces in \itemize; meant \describe ?
  checkRd: (-1) plink-package.Rd:57: Lost braces in \itemize; meant \describe ?
  checkRd: (-1) plink-package.Rd:63: Lost braces in \itemize; meant \describe ?
  checkRd: (-1) plink-package.Rd:64: Lost braces in \itemize; meant \describe ?
  checkRd: (-1) plink-package.Rd:65-66: Lost braces in \itemize; meant \describe ?
  checkRd: (-1) plink-package.Rd:71-72: Lost braces in \itemize; meant \describe ?
  checkRd: (-1) plink-package.Rd:73-74: Lost braces in \itemize; meant \describe ?
  checkRd: (-1) plink-package.Rd:75-76: Lost braces in \itemize; meant \describe ?
  checkRd: (-1) plink-package.Rd:83: Lost braces in \itemize; meant \describe ?
  checkRd: (-1) plink-package.Rd:85-86: Lost braces in \itemize; meant \describe ?
  checkRd: (-1) plink-package.Rd:88-89: Lost braces in \itemize; meant \describe ?
  checkRd: (-1) plink-package.Rd:91-93: Lost braces in \itemize; meant \describe ?
  checkRd: (-1) plink-package.Rd:95-98: Lost braces in \itemize; meant \describe ?
  checkRd: (-1) plink-package.Rd:100: Lost braces in \itemize; meant \describe ?
Flavors: r-devel-linux-x86_64-debian-clang, r-devel-linux-x86_64-debian-gcc, r-devel-linux-x86_64-fedora-clang, r-devel-linux-x86_64-fedora-gcc, r-devel-windows-x86_64, r-patched-linux-x86_64, r-release-linux-x86_64, r-release-macos-arm64, r-release-macos-x86_64, r-release-windows-x86_64, r-oldrel-macos-arm64, r-oldrel-macos-x86_64, r-oldrel-windows-x86_64