Last updated on 2025-10-31 02:50:39 CET.
| Flavor | Version | Tinstall | Tcheck | Ttotal | Status | Flags | 
|---|---|---|---|---|---|---|
| r-devel-linux-x86_64-debian-clang | 0.13 | 1.93 | 19.86 | 21.79 | NOTE | |
| r-devel-linux-x86_64-debian-gcc | 0.13 | 1.63 | 16.61 | 18.24 | NOTE | |
| r-devel-linux-x86_64-fedora-clang | 0.13 | 32.52 | OK | |||
| r-devel-linux-x86_64-fedora-gcc | 0.13 | 31.44 | OK | |||
| r-devel-windows-x86_64 | 0.13 | 4.00 | 38.00 | 42.00 | OK | |
| r-patched-linux-x86_64 | 0.13 | 1.87 | 18.84 | 20.71 | OK | |
| r-release-linux-x86_64 | 0.13 | 2.05 | 19.07 | 21.12 | OK | |
| r-release-macos-arm64 | 0.13 | 1.00 | 13.00 | 14.00 | OK | |
| r-release-macos-x86_64 | 0.13 | 2.00 | 21.00 | 23.00 | OK | |
| r-release-windows-x86_64 | 0.13 | 5.00 | 40.00 | 45.00 | OK | |
| r-oldrel-macos-arm64 | 0.13 | 1.00 | 14.00 | 15.00 | OK | |
| r-oldrel-macos-x86_64 | 0.13 | 2.00 | 18.00 | 20.00 | OK | |
| r-oldrel-windows-x86_64 | 0.13 | 3.00 | 44.00 | 47.00 | OK | 
Version: 0.13
Check: CRAN incoming feasibility
Result: NOTE
  Maintainer: ‘"Brewer, Ben (arb5mt)" <arb5mt@virginia.edu>’
  
  No Authors@R field in DESCRIPTION.
  Please add one, modifying
    Authors@R: c(person(given = c("Nolan", "A."),
                        family = "Wages",
                        role = "aut"),
                 person(family = "\"Brewer",
                        role = "cre"),
                 person(family = "Ben\"",
                        role = "cre",
                        email = "arb5mt@virginia.edu",
                        comment = "arb5mt"))
  as necessary.
Flavors: r-devel-linux-x86_64-debian-clang, r-devel-linux-x86_64-debian-gcc