Last updated on 2025-10-31 02:50:39 CET.
| Flavor | Version | Tinstall | Tcheck | Ttotal | Status | Flags | 
|---|---|---|---|---|---|---|
| r-devel-linux-x86_64-debian-clang | 0.6-4 | 2.40 | 44.51 | 46.91 | NOTE | |
| r-devel-linux-x86_64-debian-gcc | 0.6-4 | 2.28 | 34.13 | 36.41 | NOTE | |
| r-devel-linux-x86_64-fedora-clang | 0.6-4 | 68.00 | NOTE | |||
| r-devel-linux-x86_64-fedora-gcc | 0.6-4 | 81.65 | NOTE | |||
| r-devel-windows-x86_64 | 0.6-4 | 5.00 | 95.00 | 100.00 | NOTE | |
| r-patched-linux-x86_64 | 0.6-4 | 4.30 | 42.44 | 46.74 | NOTE | |
| r-release-linux-x86_64 | 0.6-4 | 2.81 | 42.42 | 45.23 | NOTE | |
| r-release-macos-arm64 | 0.6-4 | 2.00 | 37.00 | 39.00 | NOTE | |
| r-release-macos-x86_64 | 0.6-4 | 3.00 | 57.00 | 60.00 | NOTE | |
| r-release-windows-x86_64 | 0.6-4 | 5.00 | 114.00 | 119.00 | NOTE | |
| r-oldrel-macos-arm64 | 0.6-4 | 2.00 | 29.00 | 31.00 | NOTE | |
| r-oldrel-macos-x86_64 | 0.6-4 | 2.00 | 46.00 | 48.00 | NOTE | |
| r-oldrel-windows-x86_64 | 0.6-4 | 6.00 | 103.00 | 109.00 | NOTE | 
Version: 0.6-4
Check: CRAN incoming feasibility
Result: NOTE
  Maintainer: ‘Peter Baker <p.baker1@uq.edu.au>’
  
  Package CITATION file contains call(s) to old-style personList() or
  as.personList().  Please use c() on person objects instead.
  Package CITATION file contains call(s) to old-style citEntry().  Please
  use bibentry() instead.
Flavors: r-devel-linux-x86_64-debian-clang, r-devel-linux-x86_64-debian-gcc
Version: 0.6-4
Check: Rd files
Result: NOTE
  checkRd: (-1) calculateDIC.Rd:30-31: Lost braces in \itemize; meant \describe ?
  checkRd: (-1) calculateDIC.Rd:32-33: Lost braces in \itemize; meant \describe ?
  checkRd: (-1) polySegratioMM-package.Rd:70-72: Lost braces in \itemize; meant \describe ?
Flavors: r-devel-linux-x86_64-debian-clang, r-devel-linux-x86_64-debian-gcc, r-devel-linux-x86_64-fedora-clang, r-devel-linux-x86_64-fedora-gcc, r-devel-windows-x86_64, r-patched-linux-x86_64, r-release-linux-x86_64, r-release-macos-arm64, r-release-macos-x86_64, r-release-windows-x86_64, r-oldrel-macos-arm64, r-oldrel-macos-x86_64, r-oldrel-windows-x86_64
Version: 0.6-4
Check: for non-standard things in the check directory
Result: NOTE
  Found the following files/directories:
    ‘test-data.R’ ‘test-inits.R’ ‘test.bug’ ‘test.cmd’
Flavors: r-devel-linux-x86_64-debian-clang, r-devel-linux-x86_64-debian-gcc, r-devel-linux-x86_64-fedora-clang, r-devel-linux-x86_64-fedora-gcc, r-patched-linux-x86_64, r-release-linux-x86_64