Last updated on 2025-10-30 02:49:09 CET.
| Flavor | Version | Tinstall | Tcheck | Ttotal | Status | Flags | 
|---|---|---|---|---|---|---|
| r-devel-linux-x86_64-debian-clang | 1.0.0 | 7.40 | 193.09 | 200.49 | NOTE | |
| r-devel-linux-x86_64-debian-gcc | 1.0.0 | 6.33 | 125.32 | 131.65 | NOTE | |
| r-devel-linux-x86_64-fedora-clang | 1.0.0 | 18.00 | 298.94 | 316.94 | OK | |
| r-devel-linux-x86_64-fedora-gcc | 1.0.0 | 20.00 | 312.89 | 332.89 | OK | |
| r-devel-windows-x86_64 | 1.0.0 | 13.00 | 209.00 | 222.00 | NOTE | |
| r-patched-linux-x86_64 | 1.0.0 | 10.25 | 173.89 | 184.14 | NOTE | |
| r-release-linux-x86_64 | 1.0.0 | 8.21 | 177.19 | 185.40 | NOTE | |
| r-release-macos-arm64 | 1.0.0 | 4.00 | 85.00 | 89.00 | OK | |
| r-release-macos-x86_64 | 1.0.0 | 8.00 | 170.00 | 178.00 | OK | |
| r-release-windows-x86_64 | 1.0.0 | 14.00 | 208.00 | 222.00 | NOTE | |
| r-oldrel-macos-arm64 | 1.0.0 | 4.00 | 79.00 | 83.00 | NOTE | |
| r-oldrel-macos-x86_64 | 1.0.0 | 7.00 | 135.00 | 142.00 | NOTE | |
| r-oldrel-windows-x86_64 | 1.0.0 | 17.00 | 257.00 | 274.00 | NOTE | 
Version: 1.0.0
Check: Rd cross-references
Result: NOTE
  Found the following Rd file(s) with Rd \link{} targets missing package
  anchors:
    forceLocus.Rd: forcePool
  Please provide package anchors for all Rd \link{} targets not in the
  package itself and the base packages.
Flavors: r-devel-linux-x86_64-debian-clang, r-devel-linux-x86_64-debian-gcc, r-devel-windows-x86_64, r-patched-linux-x86_64, r-release-linux-x86_64, r-release-windows-x86_64
Version: 1.0.0
Check: installed package size
Result: NOTE
    installed size is  7.0Mb
    sub-directories of 1Mb or more:
      data      2.7Mb
      extdata   3.5Mb
Flavors: r-oldrel-macos-arm64, r-oldrel-macos-x86_64, r-oldrel-windows-x86_64