Last updated on 2025-10-31 02:50:39 CET.
| Flavor | Version | Tinstall | Tcheck | Ttotal | Status | Flags | 
|---|---|---|---|---|---|---|
| r-devel-linux-x86_64-debian-clang | 1.0.1 | 31.97 | 224.11 | 256.08 | NOTE | |
| r-devel-linux-x86_64-debian-gcc | 1.0.1 | 22.05 | 159.45 | 181.50 | NOTE | |
| r-devel-linux-x86_64-fedora-clang | 1.0.1 | 68.00 | 333.56 | 401.56 | OK | |
| r-devel-linux-x86_64-fedora-gcc | 1.0.1 | 66.00 | 335.89 | 401.89 | OK | |
| r-devel-windows-x86_64 | 1.0.1 | 31.00 | 209.00 | 240.00 | NOTE | |
| r-patched-linux-x86_64 | 1.0.1 | 32.65 | 209.09 | 241.74 | NOTE | |
| r-release-linux-x86_64 | 1.0.1 | 31.34 | 211.48 | 242.82 | NOTE | |
| r-release-macos-arm64 | 1.0.1 | 11.00 | 79.00 | 90.00 | OK | |
| r-release-macos-x86_64 | 1.0.1 | 26.00 | 178.00 | 204.00 | OK | |
| r-release-windows-x86_64 | 1.0.1 | 30.00 | 209.00 | 239.00 | NOTE | |
| r-oldrel-macos-arm64 | 1.0.1 | 12.00 | 79.00 | 91.00 | OK | |
| r-oldrel-macos-x86_64 | 1.0.1 | 19.00 | 130.00 | 149.00 | OK | |
| r-oldrel-windows-x86_64 | 1.0.1 | 39.00 | 272.00 | 311.00 | OK | 
Version: 1.0.1
Check: Rd cross-references
Result: NOTE
  Found the following Rd file(s) with Rd \link{} targets missing package
  anchors:
    ebp.Rd: nlme
    write.excel.Rd: openxlsx
  Please provide package anchors for all Rd \link{} targets not in the
  package itself and the base packages.
Flavors: r-devel-linux-x86_64-debian-clang, r-devel-linux-x86_64-debian-gcc, r-devel-windows-x86_64, r-patched-linux-x86_64, r-release-linux-x86_64, r-release-windows-x86_64