Last updated on 2025-10-31 02:50:39 CET.
| Flavor | Version | Tinstall | Tcheck | Ttotal | Status | Flags | 
|---|---|---|---|---|---|---|
| r-devel-linux-x86_64-debian-clang | 1.0 | 2.68 | 25.35 | 28.03 | NOTE | |
| r-devel-linux-x86_64-debian-gcc | 1.0 | 2.12 | 20.46 | 22.58 | NOTE | |
| r-devel-linux-x86_64-fedora-clang | 1.0 | 42.11 | OK | |||
| r-devel-linux-x86_64-fedora-gcc | 1.0 | 40.20 | OK | |||
| r-devel-windows-x86_64 | 1.0 | 3.00 | 43.00 | 46.00 | OK | |
| r-patched-linux-x86_64 | 1.0 | 3.03 | 24.16 | 27.19 | OK | |
| r-release-linux-x86_64 | 1.0 | 2.87 | 24.10 | 26.97 | OK | |
| r-release-macos-arm64 | 1.0 | 1.00 | 16.00 | 17.00 | OK | |
| r-release-macos-x86_64 | 1.0 | 3.00 | 34.00 | 37.00 | OK | |
| r-release-windows-x86_64 | 1.0 | 4.00 | 48.00 | 52.00 | OK | |
| r-oldrel-macos-arm64 | 1.0 | 1.00 | 18.00 | 19.00 | OK | |
| r-oldrel-macos-x86_64 | 1.0 | 2.00 | 30.00 | 32.00 | OK | |
| r-oldrel-windows-x86_64 | 1.0 | 3.00 | 44.00 | 47.00 | OK | 
Version: 1.0
Check: CRAN incoming feasibility
Result: NOTE
  Maintainer: ‘Di Shu <shudi1991@gmail.com>’
  
  No Authors@R field in DESCRIPTION.
  Please add one, modifying
    Authors@R: c(person(given = "Di",
                        family = "Shu",
                        role = c("aut", "cre"),
                        email = "shudi1991@gmail.com"),
                 person(given = "Sengwee",
                        family = "Toh",
                        role = "aut",
                        email = "darren_toh@harvardpilgrim.org"))
  as necessary.
Flavors: r-devel-linux-x86_64-debian-clang, r-devel-linux-x86_64-debian-gcc