Last updated on 2025-10-30 02:49:09 CET.
| Flavor | Version | Tinstall | Tcheck | Ttotal | Status | Flags | 
|---|---|---|---|---|---|---|
| r-devel-linux-x86_64-debian-clang | 0.1.0 | 1.95 | 20.47 | 22.42 | NOTE | |
| r-devel-linux-x86_64-debian-gcc | 0.1.0 | 1.52 | 16.51 | 18.03 | NOTE | |
| r-devel-linux-x86_64-fedora-clang | 0.1.0 | 33.52 | OK | |||
| r-devel-linux-x86_64-fedora-gcc | 0.1.0 | 32.08 | OK | |||
| r-devel-windows-x86_64 | 0.1.0 | 3.00 | 39.00 | 42.00 | OK | |
| r-patched-linux-x86_64 | 0.1.0 | 1.76 | 19.67 | 21.43 | OK | |
| r-release-linux-x86_64 | 0.1.0 | 1.60 | 19.81 | 21.41 | OK | |
| r-release-macos-arm64 | 0.1.0 | 1.00 | 14.00 | 15.00 | OK | |
| r-release-macos-x86_64 | 0.1.0 | 2.00 | 32.00 | 34.00 | OK | |
| r-release-windows-x86_64 | 0.1.0 | 4.00 | 40.00 | 44.00 | OK | |
| r-oldrel-macos-arm64 | 0.1.0 | 1.00 | 20.00 | 21.00 | OK | |
| r-oldrel-macos-x86_64 | 0.1.0 | 2.00 | 25.00 | 27.00 | OK | |
| r-oldrel-windows-x86_64 | 0.1.0 | 5.00 | 52.00 | 57.00 | OK | 
Version: 0.1.0
Check: CRAN incoming feasibility
Result: NOTE
  Maintainer: ‘Guangbao Guo <ggb11111111@163.com>’
  
  No Authors@R field in DESCRIPTION.
  Please add one, modifying
    Authors@R: c(person(given = "Guangbao",
                        family = "Guo",
                        role = c("aut", "cre"),
                        email = "ggb11111111@163.com"),
                 person(given = "Jiarui",
                        family = "Li",
                        role = "aut"))
  as necessary.
Flavors: r-devel-linux-x86_64-debian-clang, r-devel-linux-x86_64-debian-gcc