Last updated on 2025-10-31 02:50:39 CET.
| Flavor | Version | Tinstall | Tcheck | Ttotal | Status | Flags | 
|---|---|---|---|---|---|---|
| r-devel-linux-x86_64-debian-clang | 1.1 | 21.00 | 32.85 | 53.85 | WARN | |
| r-devel-linux-x86_64-debian-gcc | 1.1 | 12.55 | 25.53 | 38.08 | WARN | |
| r-devel-linux-x86_64-fedora-clang | 1.1 | 57.00 | 33.89 | 90.89 | NOTE | |
| r-devel-linux-x86_64-fedora-gcc | 1.1 | 54.00 | 30.50 | 84.50 | NOTE | |
| r-devel-windows-x86_64 | 1.1 | 27.00 | 68.00 | 95.00 | NOTE | |
| r-patched-linux-x86_64 | 1.1 | 21.40 | 31.13 | 52.53 | NOTE | |
| r-release-linux-x86_64 | 1.1 | 20.04 | 31.22 | 51.26 | NOTE | |
| r-release-macos-arm64 | 1.1 | 10.00 | 36.00 | 46.00 | NOTE | |
| r-release-macos-x86_64 | 1.1 | 16.00 | 28.00 | 44.00 | NOTE | |
| r-release-windows-x86_64 | 1.1 | 27.00 | 71.00 | 98.00 | NOTE | |
| r-oldrel-macos-arm64 | 1.1 | 9.00 | 18.00 | 27.00 | NOTE | |
| r-oldrel-macos-x86_64 | 1.1 | 13.00 | 28.00 | 41.00 | NOTE | |
| r-oldrel-windows-x86_64 | 1.1 | 31.00 | 85.00 | 116.00 | NOTE | 
Version: 1.1
Check: whether package can be installed
Result: WARN
  Found the following significant warnings:
    /home/hornik/tmp/R.check/r-devel-clang/Work/build/Packages/RcppArmadillo/include/RcppArmadillo/version/arma.h:66:17: warning: Using fallback compilation with Armadillo 14.6.3. Please consider defining -DARMA_USE_CURRENT and also removing C++11 compilation directive. See GitHub issue #475 for more. [-W#pragma-messages]
  See ‘/home/hornik/tmp/R.check/r-devel-clang/Work/PKGS/pqrfe.Rcheck/00install.out’ for details.
  * used C++ compiler: ‘Debian clang version 19.1.7 (7)’
Flavor: r-devel-linux-x86_64-debian-clang
Version: 1.1
Check: C++ specification
Result: NOTE
    Specified C++11: please drop specification unless essential
Flavors: r-devel-linux-x86_64-debian-clang, r-devel-linux-x86_64-debian-gcc, r-devel-linux-x86_64-fedora-clang, r-devel-linux-x86_64-fedora-gcc, r-devel-windows-x86_64, r-patched-linux-x86_64, r-release-linux-x86_64, r-release-macos-arm64, r-release-macos-x86_64, r-release-windows-x86_64, r-oldrel-macos-arm64, r-oldrel-macos-x86_64, r-oldrel-windows-x86_64
Version: 1.1
Check: whether package can be installed
Result: WARN
  Found the following significant warnings:
    /home/hornik/tmp/R.check/r-devel-gcc/Work/build/Packages/RcppArmadillo/include/RcppArmadillo/version/arma.h:66:199: note: ‘#pragma message: Using fallback compilation with Armadillo 14.6.3. Please consider defining -DARMA_USE_CURRENT and also removing C++11 compilation directive. See GitHub issue #475 for more.’
  See ‘/home/hornik/tmp/R.check/r-devel-gcc/Work/PKGS/pqrfe.Rcheck/00install.out’ for details.
  * used C++ compiler: ‘g++-15 (Debian 15.2.0-4) 15.2.0’
Flavor: r-devel-linux-x86_64-debian-gcc