Last updated on 2025-10-31 02:50:39 CET.
| Flavor | Version | Tinstall | Tcheck | Ttotal | Status | Flags | 
|---|---|---|---|---|---|---|
| r-devel-linux-x86_64-debian-clang | 1.1.0 | 7.23 | 58.07 | 65.30 | NOTE | |
| r-devel-linux-x86_64-debian-gcc | 1.1.0 | 5.31 | 43.90 | 49.21 | NOTE | |
| r-devel-linux-x86_64-fedora-clang | 1.1.0 | 14.00 | 84.51 | 98.51 | OK | |
| r-devel-linux-x86_64-fedora-gcc | 1.1.0 | 17.00 | 77.38 | 94.38 | OK | |
| r-devel-windows-x86_64 | 1.1.0 | 7.00 | 68.00 | 75.00 | OK | |
| r-patched-linux-x86_64 | 1.1.0 | 6.83 | 56.03 | 62.86 | OK | |
| r-release-linux-x86_64 | 1.1.0 | 5.89 | 55.61 | 61.50 | OK | |
| r-release-macos-arm64 | 1.1.0 | 4.00 | 33.00 | 37.00 | OK | |
| r-release-macos-x86_64 | 1.1.0 | 6.00 | 51.00 | 57.00 | OK | |
| r-release-windows-x86_64 | 1.1.0 | 8.00 | 68.00 | 76.00 | OK | |
| r-oldrel-macos-arm64 | 1.1.0 | 3.00 | 27.00 | 30.00 | OK | |
| r-oldrel-macos-x86_64 | 1.1.0 | 6.00 | 39.00 | 45.00 | OK | |
| r-oldrel-windows-x86_64 | 1.1.0 | 10.00 | 83.00 | 93.00 | OK | 
Version: 1.1.0
Check: CRAN incoming feasibility
Result: NOTE
  Maintainer: ‘Gustavo Soutinho <gustavosoutinho@sapo.pt>’
  
  No Authors@R field in DESCRIPTION.
  Please add one, modifying
    Authors@R: c(person(given = "Gustavo",
                        family = "Soutinho",
                        role = c("aut", "cre"),
                        email = "gustavosoutinho@sapo.pt"),
                 person(given = "Luis",
                        family = "Meira-Machado",
                        role = "aut"),
                 person(given = "Pedro",
                        family = "Oliveira",
                        role = "aut"))
  as necessary.
Flavors: r-devel-linux-x86_64-debian-clang, r-devel-linux-x86_64-debian-gcc