Last updated on 2025-10-31 02:50:39 CET.
| Flavor | Version | Tinstall | Tcheck | Ttotal | Status | Flags | 
|---|---|---|---|---|---|---|
| r-devel-linux-x86_64-debian-clang | 2.2-3 | 2.93 | 27.40 | 30.33 | NOTE | |
| r-devel-linux-x86_64-debian-gcc | 2.2-3 | 2.50 | 20.81 | 23.31 | NOTE | |
| r-devel-linux-x86_64-fedora-clang | 2.2-3 | 44.82 | NOTE | |||
| r-devel-linux-x86_64-fedora-gcc | 2.2-3 | 42.31 | NOTE | |||
| r-devel-windows-x86_64 | 2.2-3 | 4.00 | 49.00 | 53.00 | OK | |
| r-patched-linux-x86_64 | 2.2-3 | 3.39 | 25.95 | 29.34 | NOTE | |
| r-release-linux-x86_64 | 2.2-3 | 2.56 | 25.67 | 28.23 | NOTE | |
| r-release-macos-arm64 | 2.2-3 | 2.00 | 17.00 | 19.00 | OK | |
| r-release-macos-x86_64 | 2.2-3 | 3.00 | 25.00 | 28.00 | OK | |
| r-release-windows-x86_64 | 2.2-3 | 4.00 | 54.00 | 58.00 | OK | |
| r-oldrel-macos-arm64 | 2.2-3 | 1.00 | 20.00 | 21.00 | OK | |
| r-oldrel-macos-x86_64 | 2.2-3 | 2.00 | 23.00 | 25.00 | OK | |
| r-oldrel-windows-x86_64 | 2.2-3 | 4.00 | 49.00 | 53.00 | OK | 
Version: 2.2-3
Check: CRAN incoming feasibility
Result: NOTE
  Maintainer: ‘Jim Lemon <drjimlemon@gmail.com>’
  
  No Authors@R field in DESCRIPTION.
  Please add one, modifying
    Authors@R: c(person(given = "Jim",
                        family = "Lemon",
                        role = c("aut", "cre"),
                        email = "drjimlemon@gmail.com"),
                 person(given = "Philippe",
                        family = "Grosjean",
                        role = "aut",
                        email = "phgrosjean@sciviews.org"))
  as necessary.
Flavors: r-devel-linux-x86_64-debian-clang, r-devel-linux-x86_64-debian-gcc
Version: 2.2-3
Check: for non-standard things in the check directory
Result: NOTE
  Found the following files/directories:
    ‘hista.png’ ‘plotcd.png’ ‘test.R’ ‘test.html’ ‘testR2html.R’
    ‘testglm.csv’ ‘testglm.html’ ‘testglm.tab’
Flavors: r-devel-linux-x86_64-debian-clang, r-devel-linux-x86_64-debian-gcc, r-devel-linux-x86_64-fedora-clang, r-devel-linux-x86_64-fedora-gcc, r-patched-linux-x86_64, r-release-linux-x86_64