Last updated on 2025-10-31 02:50:39 CET.
| Flavor | Version | Tinstall | Tcheck | Ttotal | Status | Flags | 
|---|---|---|---|---|---|---|
| r-devel-linux-x86_64-debian-clang | 0.2.0 | 15.49 | 229.16 | 244.65 | OK | |
| r-devel-linux-x86_64-debian-gcc | 0.2.0 | 11.21 | 140.89 | 152.10 | OK | |
| r-devel-linux-x86_64-fedora-clang | 0.2.0 | 300.00 | 74.36 | 374.36 | OK | |
| r-devel-linux-x86_64-fedora-gcc | 0.2.0 | 77.00 | 284.51 | 361.51 | OK | |
| r-devel-windows-x86_64 | 0.2.0 | 19.00 | 183.00 | 202.00 | OK | |
| r-patched-linux-x86_64 | 0.2.0 | 0.38 | 1.98 | 2.36 | ERROR | |
| r-release-linux-x86_64 | 0.2.0 | 15.30 | 193.06 | 208.36 | OK | |
| r-release-macos-arm64 | 0.2.0 | 7.00 | 89.00 | 96.00 | OK | |
| r-release-macos-x86_64 | 0.2.0 | 7.00 | ERROR | |||
| r-release-windows-x86_64 | 0.2.0 | 19.00 | 183.00 | 202.00 | OK | |
| r-oldrel-macos-arm64 | 0.2.0 | 6.00 | 92.00 | 98.00 | OK | |
| r-oldrel-macos-x86_64 | 0.2.0 | 12.00 | ERROR | |||
| r-oldrel-windows-x86_64 | 0.2.0 | 25.00 | 240.00 | 265.00 | OK | 
Version: 0.2.0
Check: package dependencies
Result: ERROR
  Package required but not available: ‘glmSparseNet’
  
  See section ‘The DESCRIPTION file’ in the ‘Writing R Extensions’
  manual.
Flavors: r-patched-linux-x86_64, r-release-macos-x86_64, r-oldrel-macos-x86_64