Last updated on 2025-10-31 02:50:39 CET.
| Flavor | Version | Tinstall | Tcheck | Ttotal | Status | Flags | 
|---|---|---|---|---|---|---|
| r-devel-linux-x86_64-debian-clang | 0.1.1 | 4.35 | 50.06 | 54.41 | NOTE | |
| r-devel-linux-x86_64-debian-gcc | 0.1.1 | 3.78 | 38.39 | 42.17 | NOTE | |
| r-devel-linux-x86_64-fedora-clang | 0.1.1 | 82.67 | NOTE | |||
| r-devel-linux-x86_64-fedora-gcc | 0.1.1 | 97.13 | NOTE | |||
| r-devel-windows-x86_64 | 0.1.1 | 6.00 | 63.00 | 69.00 | NOTE | |
| r-patched-linux-x86_64 | 0.1.1 | 4.45 | 46.40 | 50.85 | NOTE | |
| r-release-linux-x86_64 | 0.1.1 | 4.88 | 46.31 | 51.19 | NOTE | |
| r-release-macos-arm64 | 0.1.1 | 3.00 | 33.00 | 36.00 | NOTE | |
| r-release-macos-x86_64 | 0.1.1 | 7.00 | 76.00 | 83.00 | NOTE | |
| r-release-windows-x86_64 | 0.1.1 | 8.00 | 63.00 | 71.00 | NOTE | |
| r-oldrel-macos-arm64 | 0.1.1 | 3.00 | 33.00 | 36.00 | OK | |
| r-oldrel-macos-x86_64 | 0.1.1 | 5.00 | 63.00 | 68.00 | OK | |
| r-oldrel-windows-x86_64 | 0.1.1 | 9.00 | 77.00 | 86.00 | OK | 
Version: 0.1.1
Check: DESCRIPTION meta-information
Result: NOTE
    Missing dependency on R >= 4.1.0 because package code uses the pipe
    |> or function shorthand \(...) syntax added in R 4.1.0.
    File(s) using such syntax:
      ‘pseudohouseholds.R’
Flavors: r-devel-linux-x86_64-debian-clang, r-devel-linux-x86_64-debian-gcc, r-devel-linux-x86_64-fedora-clang, r-devel-linux-x86_64-fedora-gcc, r-devel-windows-x86_64, r-patched-linux-x86_64, r-release-linux-x86_64, r-release-macos-arm64, r-release-macos-x86_64, r-release-windows-x86_64